CRAN Package Check Results for Package GWalkR

Last updated on 2025-11-02 23:49:39 CET.

Flavor Version Tinstall Tcheck Ttotal Status Flags
r-devel-linux-x86_64-debian-clang 0.2.1 4.85 39.56 44.41 OK
r-devel-linux-x86_64-debian-gcc 0.2.1 3.34 30.46 33.80 OK
r-devel-linux-x86_64-fedora-clang 0.2.1 63.43 OK
r-devel-linux-x86_64-fedora-gcc 0.2.1 59.06 OK
r-devel-windows-x86_64 0.2.1 7.00 58.00 65.00 OK
r-patched-linux-x86_64 0.2.1 4.05 36.47 40.52 OK
r-release-linux-x86_64 0.2.1 4.38 36.36 40.74 OK
r-release-macos-arm64 0.2.1 3.00 23.00 26.00 OK
r-release-macos-x86_64 0.2.1 4.00 39.00 43.00 OK
r-release-windows-x86_64 0.2.1 7.00 57.00 64.00 OK
r-oldrel-macos-arm64 0.2.1 2.00 32.00 34.00 NOTE
r-oldrel-macos-x86_64 0.2.1 6.00 55.00 61.00 NOTE
r-oldrel-windows-x86_64 0.2.1 8.00 66.00 74.00 NOTE

Check Details

Version: 0.2.1
Check: installed package size
Result: NOTE installed size is 8.3Mb sub-directories of 1Mb or more: htmlwidgets 8.2Mb Flavors: r-oldrel-macos-arm64, r-oldrel-macos-x86_64, r-oldrel-windows-x86_64

mirror server hosted at Truenetwork, Russian Federation.