Last updated on 2024-06-30 06:55:35 CEST.
Flavor | Version | Tinstall | Tcheck | Ttotal | Status | Flags |
---|---|---|---|---|---|---|
r-devel-linux-x86_64-debian-clang | 1.4.9 | 42.62 | 287.02 | 329.64 | NOTE | |
r-devel-linux-x86_64-debian-gcc | 1.4.9 | 30.78 | 208.45 | 239.23 | NOTE | |
r-devel-linux-x86_64-fedora-clang | 1.4.9 | 414.58 | NOTE | |||
r-devel-linux-x86_64-fedora-gcc | 1.4.9 | 413.81 | NOTE | |||
r-devel-windows-x86_64 | 1.4.9 | 39.00 | 246.00 | 285.00 | NOTE | |
r-patched-linux-x86_64 | 1.4.9 | 41.57 | 277.80 | 319.37 | NOTE | |
r-release-linux-x86_64 | 1.4.9 | 38.29 | 273.49 | 311.78 | NOTE | |
r-release-macos-arm64 | 1.4.9 | 105.00 | NOTE | |||
r-release-macos-x86_64 | 1.4.9 | 181.00 | NOTE | |||
r-release-windows-x86_64 | 1.4.9 | 36.00 | 250.00 | 286.00 | NOTE | |
r-oldrel-macos-arm64 | 1.4.9 | 120.00 | OK | |||
r-oldrel-macos-x86_64 | 1.4.9 | 217.00 | OK | |||
r-oldrel-windows-x86_64 | 1.4.9 | 48.00 | 304.00 | 352.00 | OK |
Version: 1.4.9
Check: Rd files
Result: NOTE
checkRd: (-1) cpm.Rd:70: Lost braces; missing escapes or markup?
70 | covariates included in \code{formula_l} or {formula_s} (required).}
| ^
Flavors: r-devel-linux-x86_64-debian-clang, r-devel-linux-x86_64-debian-gcc, r-devel-linux-x86_64-fedora-clang, r-devel-linux-x86_64-fedora-gcc, r-devel-windows-x86_64, r-patched-linux-x86_64, r-release-linux-x86_64, r-release-macos-arm64, r-release-macos-x86_64, r-release-windows-x86_64