CRAN Package Check Results for Package GenomicTools.fileHandler

Last updated on 2025-07-12 18:49:41 CEST.

Flavor Version Tinstall Tcheck Ttotal Status Flags
r-devel-linux-x86_64-debian-clang 0.1.5.9 10.23 82.79 93.02 NOTE
r-devel-linux-x86_64-debian-gcc 0.1.5.9 7.59 61.45 69.04 NOTE
r-devel-linux-x86_64-fedora-clang 0.1.5.9 142.95 OK
r-devel-linux-x86_64-fedora-gcc 0.1.5.9 139.13 OK
r-devel-windows-x86_64 0.1.5.9 11.00 98.00 109.00 OK
r-patched-linux-x86_64 0.1.5.9 9.80 78.86 88.66 OK
r-release-linux-x86_64 0.1.5.9 9.91 79.13 89.04 OK
r-release-macos-arm64 0.1.5.9 51.00 OK
r-release-macos-x86_64 0.1.5.9 113.00 OK
r-release-windows-x86_64 0.1.5.9 11.00 101.00 112.00 OK
r-oldrel-macos-arm64 0.1.5.9 45.00 OK
r-oldrel-macos-x86_64 0.1.5.9 105.00 OK
r-oldrel-windows-x86_64 0.1.5.9 12.00 121.00 133.00 OK

Check Details

Version: 0.1.5.9
Check: CRAN incoming feasibility
Result: NOTE Maintainer: ‘Daniel Fischer <daniel.fischer@luke.fi>’ No Authors@R field in DESCRIPTION. Please add one, modifying Authors@R: person(given = "Daniel", family = "Fischer", role = c("aut", "cre"), email = "daniel.fischer@luke.fi") as necessary. Flavors: r-devel-linux-x86_64-debian-clang, r-devel-linux-x86_64-debian-gcc

mirror server hosted at Truenetwork, Russian Federation.