CRAN Package Check Results for Package GetoptLong

Last updated on 2025-07-13 06:48:25 CEST.

Flavor Version Tinstall Tcheck Ttotal Status Flags
r-devel-linux-x86_64-debian-clang 1.0.5 3.90 59.89 63.79 NOTE
r-devel-linux-x86_64-debian-gcc 1.0.5 3.09 46.68 49.77 NOTE
r-devel-linux-x86_64-fedora-clang 1.0.5 107.83 OK
r-devel-linux-x86_64-fedora-gcc 1.0.5 115.88 OK
r-devel-windows-x86_64 1.0.5 6.00 132.00 138.00 OK
r-patched-linux-x86_64 1.0.5 4.33 57.83 62.16 OK
r-release-linux-x86_64 1.0.5 3.73 57.44 61.17 OK
r-release-macos-arm64 1.0.5 60.00 OK
r-release-macos-x86_64 1.0.5 97.00 OK
r-release-windows-x86_64 1.0.5 6.00 133.00 139.00 OK
r-oldrel-macos-arm64 1.0.5 58.00 OK
r-oldrel-macos-x86_64 1.0.5 79.00 OK
r-oldrel-windows-x86_64 1.0.5 8.00 152.00 160.00 OK

Check Details

Version: 1.0.5
Check: CRAN incoming feasibility
Result: NOTE Maintainer: ‘Zuguang Gu <z.gu@dkfz.de>’ No Authors@R field in DESCRIPTION. Please add one, modifying Authors@R: person(given = "Zuguang", family = "Gu", role = c("aut", "cre"), email = "z.gu@dkfz.de") as necessary. Flavors: r-devel-linux-x86_64-debian-clang, r-devel-linux-x86_64-debian-gcc

mirror server hosted at Truenetwork, Russian Federation.