Last updated on 2025-02-22 17:49:45 CET.
Flavor | Version | Tinstall | Tcheck | Ttotal | Status | Flags |
---|---|---|---|---|---|---|
r-devel-linux-x86_64-debian-clang | 0.1.0 | 2.91 | 18.52 | 21.43 | OK | |
r-devel-linux-x86_64-debian-gcc | 0.1.0 | 2.17 | 15.20 | 17.37 | OK | |
r-devel-linux-x86_64-fedora-clang | 0.1.0 | 36.16 | NOTE | |||
r-devel-linux-x86_64-fedora-gcc | 0.1.0 | 34.12 | NOTE | |||
r-devel-macos-arm64 | 0.1.0 | 16.00 | OK | |||
r-devel-macos-x86_64 | 0.1.0 | 24.00 | OK | |||
r-devel-windows-x86_64 | 0.1.0 | 4.00 | 43.00 | 47.00 | OK | |
r-patched-linux-x86_64 | 0.1.0 | 3.52 | 17.90 | 21.42 | OK | |
r-release-linux-x86_64 | 0.1.0 | 2.50 | 17.81 | 20.31 | OK | |
r-release-macos-arm64 | 0.1.0 | 16.00 | OK | |||
r-release-macos-x86_64 | 0.1.0 | 25.00 | OK | |||
r-release-windows-x86_64 | 0.1.0 | 4.00 | 42.00 | 46.00 | OK | |
r-oldrel-macos-arm64 | 0.1.0 | 17.00 | OK | |||
r-oldrel-macos-x86_64 | 0.1.0 | 22.00 | OK | |||
r-oldrel-windows-x86_64 | 0.1.0 | 4.00 | 44.00 | 48.00 | OK |
Version: 0.1.0
Check: dependencies in R code
Result: NOTE
Namespace in Imports field not imported from: ‘R6’
All declared Imports should be used.
Flavors: r-devel-linux-x86_64-fedora-clang, r-devel-linux-x86_64-fedora-gcc