Last updated on 2025-05-19 18:50:28 CEST.
Flavor | Version | Tinstall | Tcheck | Ttotal | Status | Flags |
---|---|---|---|---|---|---|
r-devel-linux-x86_64-debian-clang | 1.2.7 | 38.61 | 56.78 | 95.39 | NOTE | |
r-devel-linux-x86_64-debian-gcc | 1.2.7 | 27.29 | 42.82 | 70.11 | NOTE | |
r-devel-linux-x86_64-fedora-clang | 1.2.7 | 162.19 | OK | |||
r-devel-linux-x86_64-fedora-gcc | 1.2.7 | 164.12 | OK | |||
r-devel-windows-x86_64 | 1.2.7 | 46.00 | 88.00 | 134.00 | OK | |
r-patched-linux-x86_64 | 1.2.7 | 37.65 | 53.89 | 91.54 | OK | |
r-release-linux-x86_64 | 1.2.7 | 38.97 | 55.05 | 94.02 | OK | |
r-release-macos-arm64 | 1.2.7 | 45.00 | OK | |||
r-release-macos-x86_64 | 1.2.7 | 75.00 | OK | |||
r-release-windows-x86_64 | 1.2.7 | 45.00 | 86.00 | 131.00 | OK | |
r-oldrel-macos-arm64 | 1.2.7 | 44.00 | OK | |||
r-oldrel-macos-x86_64 | 1.2.7 | 69.00 | OK | |||
r-oldrel-windows-x86_64 | 1.2.7 | 53.00 | 104.00 | 157.00 | OK |
Version: 1.2.7
Check: CRAN incoming feasibility
Result: NOTE
Maintainer: ‘Herve Cardot <herve.cardot@u-bourgogne.fr>’
No Authors@R field in DESCRIPTION.
Please add one, modifying
Authors@R: person(given = "Herve",
family = "Cardot",
role = c("aut", "cre"),
email = "herve.cardot@u-bourgogne.fr")
as necessary.
Flavors: r-devel-linux-x86_64-debian-clang, r-devel-linux-x86_64-debian-gcc