Last updated on 2025-07-10 06:50:21 CEST.
Flavor | Version | Tinstall | Tcheck | Ttotal | Status | Flags |
---|---|---|---|---|---|---|
r-devel-linux-x86_64-debian-clang | 1.2.3 | 8.73 | 151.37 | 160.10 | OK | |
r-devel-linux-x86_64-debian-gcc | 1.2.3 | 6.16 | 103.13 | 109.29 | OK | |
r-devel-linux-x86_64-fedora-clang | 1.2.3 | 245.76 | OK | |||
r-devel-linux-x86_64-fedora-gcc | 1.2.3 | 224.07 | OK | |||
r-patched-linux-x86_64 | 1.2.3 | 8.47 | 138.65 | 147.12 | OK | |
r-release-macos-arm64 | 1.2.2 | 69.00 | OK | |||
r-release-macos-x86_64 | 1.2.3 | 142.00 | OK | |||
r-release-windows-x86_64 | 1.2.3 | 10.00 | 129.00 | 139.00 | OK | |
r-oldrel-macos-arm64 | 1.2.2 | 68.00 | NOTE | |||
r-oldrel-macos-x86_64 | 1.2.3 | 128.00 | NOTE | |||
r-oldrel-windows-x86_64 | 1.2.3 | 14.00 | 171.00 | 185.00 | NOTE |
Version: 1.2.2
Check: installed package size
Result: NOTE
installed size is 8.2Mb
sub-directories of 1Mb or more:
HaDeX 4.0Mb
doc 4.0Mb
Flavor: r-oldrel-macos-arm64
Version: 1.2.3
Check: installed package size
Result: NOTE
installed size is 7.8Mb
sub-directories of 1Mb or more:
HaDeX 4.0Mb
doc 3.6Mb
Flavors: r-oldrel-macos-x86_64, r-oldrel-windows-x86_64