CRAN Package Check Results for Package HanStat

Last updated on 2025-07-10 00:49:40 CEST.

Flavor Version Tinstall Tcheck Ttotal Status Flags
r-devel-linux-x86_64-debian-clang 0.90.0 5.93 61.12 67.05 NOTE
r-devel-linux-x86_64-debian-gcc 0.90.0 4.90 44.12 49.02 NOTE
r-devel-linux-x86_64-fedora-clang 0.90.0 104.55 OK
r-devel-linux-x86_64-fedora-gcc 0.90.0 96.96 OK
r-devel-windows-x86_64 0.90.0 8.00 71.00 79.00 OK
r-patched-linux-x86_64 0.90.0 6.14 56.88 63.02 OK
r-release-linux-x86_64 0.90.0 5.98 57.77 63.75 OK
r-release-macos-arm64 0.90.0 34.00 OK
r-release-macos-x86_64 0.90.0 53.00 OK
r-release-windows-x86_64 0.90.0 9.00 72.00 81.00 OK
r-oldrel-macos-arm64 0.90.0 33.00 OK
r-oldrel-macos-x86_64 0.90.0 51.00 OK
r-oldrel-windows-x86_64 0.90.0 12.00 87.00 99.00 OK

Check Details

Version: 0.90.0
Check: CRAN incoming feasibility
Result: NOTE Maintainer: ‘Konrad Krahl <Beratung@Hanseatic-Statistics.de>’ The BugReports field in DESCRIPTION has https://github.com/KonradKrahl/HanStat which should likely be https://github.com/KonradKrahl/HanStat/issues instead. Flavors: r-devel-linux-x86_64-debian-clang, r-devel-linux-x86_64-debian-gcc

mirror server hosted at Truenetwork, Russian Federation.