CRAN Package Check Results for Package IAcsSPCR

Last updated on 2025-11-22 05:48:37 CET.

Flavor Version Tinstall Tcheck Ttotal Status Flags
r-devel-linux-x86_64-debian-clang 1.2.1 4.19 35.83 40.02 NOTE
r-devel-linux-x86_64-debian-gcc 1.2.1 3.38 28.88 32.26 NOTE
r-devel-linux-x86_64-fedora-clang 1.2.1 27.00 39.85 66.85 OK
r-devel-windows-x86_64 1.2.1 7.00 53.00 60.00 OK
r-patched-linux-x86_64 1.2.1 4.25 34.11 38.36 OK
r-release-linux-x86_64 1.2.1 3.96 34.04 38.00 OK
r-release-macos-arm64 1.2.1 OK
r-release-macos-x86_64 1.2.1 3.00 30.00 33.00 OK
r-release-windows-x86_64 1.2.1 7.00 54.00 61.00 OK
r-oldrel-macos-arm64 1.2.1 OK
r-oldrel-macos-x86_64 1.2.1 3.00 27.00 30.00 OK
r-oldrel-windows-x86_64 1.2.1 7.00 64.00 71.00 OK

Check Details

Version: 1.2.1
Check: CRAN incoming feasibility
Result: NOTE Maintainer: ‘John Lawson <lawsonjsl7net@gmail.com>’ No Authors@R field in DESCRIPTION. Please add one, modifying Authors@R: person(given = "John", family = "Lawson", role = c("aut", "cre"), email = "lawsonjsl7net@gmail.com") as necessary. Flavors: r-devel-linux-x86_64-debian-clang, r-devel-linux-x86_64-debian-gcc

mirror server hosted at Truenetwork, Russian Federation.