CRAN Package Check Results for Package IBDInfer

Last updated on 2025-11-02 23:49:40 CET.

Flavor Version Tinstall Tcheck Ttotal Status Flags
r-devel-linux-x86_64-debian-clang 0.0.1 4.13 37.23 41.36 NOTE
r-devel-linux-x86_64-debian-gcc 0.0.1 3.06 28.15 31.21 NOTE
r-devel-linux-x86_64-fedora-clang 0.0.1 22.00 43.63 65.63 OK
r-devel-linux-x86_64-fedora-gcc 0.0.1 56.79 OK
r-devel-windows-x86_64 0.0.1 5.00 55.00 60.00 OK
r-patched-linux-x86_64 0.0.1 4.59 34.83 39.42 OK
r-release-linux-x86_64 0.0.1 3.95 34.51 38.46 OK
r-release-macos-arm64 0.0.1 2.00 20.00 22.00 OK
r-release-macos-x86_64 0.0.1 3.00 36.00 39.00 OK
r-release-windows-x86_64 0.0.1 6.00 54.00 60.00 OK
r-oldrel-macos-arm64 0.0.1 3.00 25.00 28.00 OK
r-oldrel-macos-x86_64 0.0.1 4.00 39.00 43.00 OK
r-oldrel-windows-x86_64 0.0.1 9.00 64.00 73.00 OK

Check Details

Version: 0.0.1
Check: CRAN incoming feasibility
Result: NOTE Maintainer: ‘Taehyeon Koo <tk587@stat.rutgers.edu>’ The Description field contains (2024) <arXiv:2405.19312>, it includes block-level estimators and Please refer to arXiv e-prints via their arXiv DOI <doi:10.48550/arXiv.YYMM.NNNNN>. Flavors: r-devel-linux-x86_64-debian-clang, r-devel-linux-x86_64-debian-gcc

mirror server hosted at Truenetwork, Russian Federation.