Last updated on 2025-11-03 23:50:20 CET.
| Flavor | Version | Tinstall | Tcheck | Ttotal | Status | Flags | 
|---|---|---|---|---|---|---|
| r-devel-linux-x86_64-debian-clang | 0.1.3 | 27.58 | 261.87 | 289.45 | OK | |
| r-devel-linux-x86_64-debian-gcc | 0.1.3 | 19.48 | 181.01 | 200.49 | OK | |
| r-devel-linux-x86_64-fedora-clang | 0.1.3 | 170.00 | 313.70 | 483.70 | OK | |
| r-devel-linux-x86_64-fedora-gcc | 0.1.3 | 54.00 | 361.70 | 415.70 | OK | |
| r-devel-windows-x86_64 | 0.1.3 | 26.00 | 217.00 | 243.00 | OK | |
| r-patched-linux-x86_64 | 0.1.3 | 25.11 | 244.50 | 269.61 | OK | |
| r-release-linux-x86_64 | 0.1.3 | 25.91 | 247.44 | 273.35 | OK | |
| r-release-macos-arm64 | 0.1.3 | 5.00 | ERROR | |||
| r-release-macos-x86_64 | 0.1.3 | 36.00 | 275.00 | 311.00 | OK | |
| r-release-windows-x86_64 | 0.1.3 | 26.00 | 212.00 | 238.00 | OK | |
| r-oldrel-macos-arm64 | 0.1.3 | 12.00 | 103.00 | 115.00 | OK | |
| r-oldrel-macos-x86_64 | 0.1.3 | 39.00 | 321.00 | 360.00 | OK | |
| r-oldrel-windows-x86_64 | 0.1.3 | 34.00 | 285.00 | 319.00 | OK | 
Version: 0.1.3
Check: package dependencies
Result: ERROR
  Package required but not available: ‘org.Hs.eg.db’
  
  See section ‘The DESCRIPTION file’ in the ‘Writing R Extensions’
  manual.
Flavor: r-release-macos-arm64