CRAN Package Check Results for Package ICSOutlier

Last updated on 2025-05-21 00:51:37 CEST.

Flavor Version Tinstall Tcheck Ttotal Status Flags
r-devel-linux-x86_64-debian-clang 0.4-0 9.78 123.97 133.75 NOTE
r-devel-linux-x86_64-debian-gcc 0.4-0 7.20 101.93 109.13 NOTE
r-devel-linux-x86_64-fedora-clang 0.4-0 201.46 OK
r-devel-linux-x86_64-fedora-gcc 0.4-0 201.07 OK
r-devel-windows-x86_64 0.4-0 10.00 178.00 188.00 NOTE
r-patched-linux-x86_64 0.4-0 10.06 124.62 134.68 NOTE
r-release-linux-x86_64 0.4-0 8.57 124.86 133.43 NOTE
r-release-macos-arm64 0.4-0 86.00 OK
r-release-macos-x86_64 0.4-0 183.00 OK
r-release-windows-x86_64 0.4-0 11.00 177.00 188.00 NOTE
r-oldrel-macos-arm64 0.4-0 80.00 OK
r-oldrel-macos-x86_64 0.4-0 132.00 OK
r-oldrel-windows-x86_64 0.4-0 13.00 221.00 234.00 OK

Check Details

Version: 0.4-0
Check: Rd cross-references
Result: NOTE Found the following Rd file(s) with Rd \link{} targets missing package anchors: ics.distances.Rd: ics2 icsOut-class.Rd: plot.ics Please provide package anchors for all Rd \link{} targets not in the package itself and the base packages. Flavors: r-devel-linux-x86_64-debian-clang, r-devel-linux-x86_64-debian-gcc, r-devel-windows-x86_64, r-patched-linux-x86_64, r-release-linux-x86_64, r-release-windows-x86_64

mirror server hosted at Truenetwork, Russian Federation.