CRAN Package Check Results for Package IDmeasurer

Last updated on 2025-07-12 18:49:42 CEST.

Flavor Version Tinstall Tcheck Ttotal Status Flags
r-devel-linux-x86_64-debian-clang 1.0.0 2.81 52.02 54.83 NOTE
r-devel-linux-x86_64-debian-gcc 1.0.0 2.19 37.78 39.97 NOTE
r-devel-linux-x86_64-fedora-clang 1.0.0 85.53 OK
r-devel-linux-x86_64-fedora-gcc 1.0.0 89.18 OK
r-devel-windows-x86_64 1.0.0 4.00 73.00 77.00 OK
r-patched-linux-x86_64 1.0.0 3.61 48.99 52.60 OK
r-release-linux-x86_64 1.0.0 2.53 48.65 51.18 OK
r-release-macos-arm64 1.0.0 49.00 OK
r-release-macos-x86_64 1.0.0 69.00 OK
r-release-windows-x86_64 1.0.0 4.00 71.00 75.00 OK
r-oldrel-macos-arm64 1.0.0 32.00 OK
r-oldrel-macos-x86_64 1.0.0 48.00 OK
r-oldrel-windows-x86_64 1.0.0 5.00 86.00 91.00 OK

Check Details

Version: 1.0.0
Check: CRAN incoming feasibility
Result: NOTE Maintainer: ‘Pavel Linhart <pavel.linhart@centrum.cz>’ Package CITATION file contains call(s) to old-style personList() or as.personList(). Please use c() on person objects instead. Package CITATION file contains call(s) to old-style citEntry(). Please use bibentry() instead. Flavors: r-devel-linux-x86_64-debian-clang, r-devel-linux-x86_64-debian-gcc

mirror server hosted at Truenetwork, Russian Federation.