Last updated on 2025-11-24 11:50:09 CET.
| Flavor | Version | Tinstall | Tcheck | Ttotal | Status | Flags |
|---|---|---|---|---|---|---|
| r-devel-linux-x86_64-debian-clang | 1.0.0 | 2.82 | 54.33 | 57.15 | NOTE | |
| r-devel-linux-x86_64-debian-gcc | 1.0.0 | 1.82 | 39.40 | 41.22 | NOTE | |
| r-devel-linux-x86_64-fedora-clang | 1.0.0 | 87.32 | OK | |||
| r-devel-windows-x86_64 | 1.0.0 | 6.00 | 68.00 | 74.00 | OK | |
| r-patched-linux-x86_64 | 1.0.0 | 3.06 | 50.07 | 53.13 | OK | |
| r-release-linux-x86_64 | 1.0.0 | 2.31 | 49.66 | 51.97 | OK | |
| r-release-macos-arm64 | 1.0.0 | OK | ||||
| r-release-macos-x86_64 | 1.0.0 | 3.00 | 66.00 | 69.00 | OK | |
| r-release-windows-x86_64 | 1.0.0 | 5.00 | 83.00 | 88.00 | OK | |
| r-oldrel-macos-arm64 | 1.0.0 | OK | ||||
| r-oldrel-macos-x86_64 | 1.0.0 | 2.00 | 46.00 | 48.00 | OK | |
| r-oldrel-windows-x86_64 | 1.0.0 | 7.00 | 85.00 | 92.00 | OK |
Version: 1.0.0
Check: CRAN incoming feasibility
Result: NOTE
Maintainer: ‘Pavel Linhart <pavel.linhart@centrum.cz>’
Package CITATION file contains call(s) to old-style personList() or
as.personList(). Please use c() on person objects instead.
Package CITATION file contains call(s) to old-style citEntry(). Please
use bibentry() instead.
Flavors: r-devel-linux-x86_64-debian-clang, r-devel-linux-x86_64-debian-gcc