Last updated on 2025-11-13 17:50:37 CET.
| Flavor | Version | Tinstall | Tcheck | Ttotal | Status | Flags |
|---|---|---|---|---|---|---|
| r-devel-linux-x86_64-debian-clang | 0.3.4 | 17.72 | 101.72 | 119.44 | NOTE | |
| r-devel-linux-x86_64-debian-gcc | 0.3.4 | 13.24 | 71.32 | 84.56 | NOTE | |
| r-devel-linux-x86_64-fedora-clang | 0.3.4 | 107.00 | 86.55 | 193.55 | OK | |
| r-devel-linux-x86_64-fedora-gcc | 0.3.4 | 117.00 | 71.33 | 188.33 | OK | |
| r-devel-windows-x86_64 | 0.3.4 | 20.00 | 100.00 | 120.00 | OK | |
| r-patched-linux-x86_64 | 0.3.4 | 16.93 | 92.72 | 109.65 | OK | |
| r-release-linux-x86_64 | 0.3.4 | 17.56 | 92.71 | 110.27 | OK | |
| r-release-macos-arm64 | 0.3.4 | 9.00 | 40.00 | 49.00 | OK | |
| r-release-macos-x86_64 | 0.3.4 | 16.00 | 64.00 | 80.00 | OK | |
| r-release-windows-x86_64 | 0.3.4 | 19.00 | 97.00 | 116.00 | OK | |
| r-oldrel-macos-arm64 | 0.3.4 | 7.00 | 35.00 | 42.00 | OK | |
| r-oldrel-macos-x86_64 | 0.3.4 | 11.00 | 56.00 | 67.00 | OK | |
| r-oldrel-windows-x86_64 | 0.3.4 | 26.00 | 129.00 | 155.00 | OK |
Version: 0.3.4
Check: CRAN incoming feasibility
Result: NOTE
Maintainer: ‘Jean-Luc Lipatz <jllipatz@protonmail.com>’
No Authors@R field in DESCRIPTION.
Please add one, modifying
Authors@R: c(person(given = "Jean-Luc",
family = "Lipatz",
role = c("aut", "cre"),
email = "jllipatz@protonmail.com"),
person(given = "Bernard",
family = "Gestin",
role = "ctb"))
as necessary.
Flavors: r-devel-linux-x86_64-debian-clang, r-devel-linux-x86_64-debian-gcc