CRAN Package Check Results for Package INLAspacetime

Last updated on 2025-07-13 06:48:27 CEST.

Flavor Version Tinstall Tcheck Ttotal Status Flags
r-devel-linux-x86_64-debian-clang 0.1.12 11.42 104.03 115.45 OK
r-devel-linux-x86_64-debian-gcc 0.1.12 10.10 77.81 87.91 OK
r-devel-linux-x86_64-fedora-clang 0.1.12 184.76 NOTE
r-devel-linux-x86_64-fedora-gcc 0.1.12 187.16 NOTE
r-devel-windows-x86_64 0.1.12 17.00 104.00 121.00 OK
r-patched-linux-x86_64 0.1.12 13.12 98.45 111.57 OK
r-release-linux-x86_64 0.1.12 11.06 99.20 110.26 OK
r-release-macos-arm64 0.1.12 74.00 OK
r-release-macos-x86_64 0.1.12 104.00 OK
r-release-windows-x86_64 0.1.12 16.00 110.00 126.00 OK
r-oldrel-macos-arm64 0.1.12 73.00 NOTE
r-oldrel-macos-x86_64 0.1.12 119.00 NOTE
r-oldrel-windows-x86_64 0.1.12 22.00 130.00 152.00 OK

Check Details

Version: 0.1.12
Check: compiled code
Result: NOTE File ‘INLAspacetime/libs/INLAspacetime.so’: Found no calls to: ‘R_registerRoutines’, ‘R_useDynamicSymbols’ It is good practice to register native routines and to disable symbol search. See ‘Writing portable packages’ in the ‘Writing R Extensions’ manual. Flavors: r-devel-linux-x86_64-fedora-clang, r-devel-linux-x86_64-fedora-gcc

Version: 0.1.12
Check: package dependencies
Result: NOTE Package suggested but not available for checking: ‘INLA’ Flavors: r-oldrel-macos-arm64, r-oldrel-macos-x86_64

Version: 0.1.12
Check: Rd cross-references
Result: NOTE Package unavailable to check Rd xrefs: ‘INLA’ Flavors: r-oldrel-macos-arm64, r-oldrel-macos-x86_64

mirror server hosted at Truenetwork, Russian Federation.