CRAN Package Check Results for Package IPPP

Last updated on 2025-11-24 11:50:09 CET.

Flavor Version Tinstall Tcheck Ttotal Status Flags
r-devel-linux-x86_64-debian-clang 1.1 1.66 24.20 25.86 NOTE
r-devel-linux-x86_64-debian-gcc 1.1 1.46 19.80 21.26 NOTE
r-devel-linux-x86_64-fedora-clang 1.1 11.00 30.23 41.23 OK
r-devel-windows-x86_64 1.1 7.00 43.00 50.00 OK
r-patched-linux-x86_64 1.1 1.99 22.63 24.62 OK
r-release-linux-x86_64 1.1 1.90 22.46 24.36 OK
r-release-macos-arm64 1.1 OK
r-release-macos-x86_64 1.1 2.00 38.00 40.00 OK
r-release-windows-x86_64 1.1 3.00 56.00 59.00 OK
r-oldrel-macos-arm64 1.1 OK
r-oldrel-macos-x86_64 1.1 2.00 29.00 31.00 OK
r-oldrel-windows-x86_64 1.1 3.00 48.00 51.00 OK

Check Details

Version: 1.1
Check: CRAN incoming feasibility
Result: NOTE Maintainer: ‘Niklas Hohmann <Niklas.Hohmann@fau.de>’ No Authors@R field in DESCRIPTION. Please add one, modifying Authors@R: person(given = "Niklas", family = "Hohmann", role = c("aut", "cre"), email = "niklas.hohmann@fau.de") as necessary. The Description field contains (2019) <arXiv:1901.10754>. Please refer to arXiv e-prints via their arXiv DOI <doi:10.48550/arXiv.YYMM.NNNNN>. Flavors: r-devel-linux-x86_64-debian-clang, r-devel-linux-x86_64-debian-gcc

mirror server hosted at Truenetwork, Russian Federation.