CRAN Package Check Results for Package IgAScores

Last updated on 2025-07-12 18:49:42 CEST.

Flavor Version Tinstall Tcheck Ttotal Status Flags
r-devel-linux-x86_64-debian-clang 0.1.2 1.92 24.55 26.47 NOTE
r-devel-linux-x86_64-debian-gcc 0.1.2 1.59 20.24 21.83 NOTE
r-devel-linux-x86_64-fedora-clang 0.1.2 41.21 OK
r-devel-linux-x86_64-fedora-gcc 0.1.2 55.97 OK
r-devel-windows-x86_64 0.1.2 3.00 45.00 48.00 OK
r-patched-linux-x86_64 0.1.2 2.30 22.41 24.71 OK
r-release-linux-x86_64 0.1.2 1.77 22.42 24.19 OK
r-release-macos-arm64 0.1.2 26.00 OK
r-release-macos-x86_64 0.1.2 44.00 OK
r-release-windows-x86_64 0.1.2 4.00 48.00 52.00 OK
r-oldrel-macos-arm64 0.1.2 24.00 OK
r-oldrel-macos-x86_64 0.1.2 35.00 OK
r-oldrel-windows-x86_64 0.1.2 3.00 50.00 53.00 OK

Check Details

Version: 0.1.2
Check: CRAN incoming feasibility
Result: NOTE Maintainer: ‘Matthew Jackson <mattjackson4@gmail.com>’ Package CITATION file contains call(s) to old-style citEntry(). Please use bibentry() instead. Flavors: r-devel-linux-x86_64-debian-clang, r-devel-linux-x86_64-debian-gcc

mirror server hosted at Truenetwork, Russian Federation.