CRAN Package Check Results for Package InfiniumPurify

Last updated on 2025-07-13 00:48:28 CEST.

Flavor Version Tinstall Tcheck Ttotal Status Flags
r-devel-linux-x86_64-debian-clang 1.3.1 1.67 34.80 36.47 NOTE
r-devel-linux-x86_64-debian-gcc 1.3.1 1.45 25.44 26.89 NOTE
r-devel-linux-x86_64-fedora-clang 1.3.1 55.06 OK
r-devel-linux-x86_64-fedora-gcc 1.3.1 51.86 OK
r-devel-windows-x86_64 1.3.1 3.00 53.00 56.00 OK
r-patched-linux-x86_64 1.3.1 2.20 32.92 35.12 OK
r-release-linux-x86_64 1.3.1 1.73 32.76 34.49 OK
r-release-macos-arm64 1.3.1 25.00 OK
r-release-macos-x86_64 1.3.1 40.00 OK
r-release-windows-x86_64 1.3.1 3.00 57.00 60.00 OK
r-oldrel-macos-arm64 1.3.1 20.00 OK
r-oldrel-macos-x86_64 1.3.1 29.00 OK
r-oldrel-windows-x86_64 1.3.1 4.00 61.00 65.00 OK

Check Details

Version: 1.3.1
Check: CRAN incoming feasibility
Result: NOTE Maintainer: ‘Yufang Qin <yfqin@shou.edu.cn>’ No Authors@R field in DESCRIPTION. Please add one, modifying Authors@R: person(given = "Yufang", family = "Qin", role = c("aut", "cre"), email = "yfqin@shou.edu.cn") as necessary. Flavors: r-devel-linux-x86_64-debian-clang, r-devel-linux-x86_64-debian-gcc

mirror server hosted at Truenetwork, Russian Federation.