Last updated on 2025-11-04 05:51:14 CET.
| Flavor | Version | Tinstall | Tcheck | Ttotal | Status | Flags | 
|---|---|---|---|---|---|---|
| r-devel-linux-x86_64-debian-clang | 1.3.1 | 2.05 | 36.82 | 38.87 | NOTE | |
| r-devel-linux-x86_64-debian-gcc | 1.3.1 | 1.58 | 25.69 | 27.27 | NOTE | |
| r-devel-linux-x86_64-fedora-clang | 1.3.1 | 59.75 | OK | |||
| r-devel-linux-x86_64-fedora-gcc | 1.3.1 | 54.58 | OK | |||
| r-devel-windows-x86_64 | 1.3.1 | 4.00 | 53.00 | 57.00 | OK | |
| r-patched-linux-x86_64 | 1.3.1 | 2.20 | 37.74 | 39.94 | OK | |
| r-release-linux-x86_64 | 1.3.1 | 1.93 | 34.19 | 36.12 | OK | |
| r-release-macos-arm64 | 1.3.1 | 1.00 | 24.00 | 25.00 | OK | |
| r-release-macos-x86_64 | 1.3.1 | 2.00 | 38.00 | 40.00 | OK | |
| r-release-windows-x86_64 | 1.3.1 | 3.00 | 52.00 | 55.00 | OK | |
| r-oldrel-macos-arm64 | 1.3.1 | 1.00 | 19.00 | 20.00 | OK | |
| r-oldrel-macos-x86_64 | 1.3.1 | 2.00 | 27.00 | 29.00 | OK | |
| r-oldrel-windows-x86_64 | 1.3.1 | 3.00 | 57.00 | 60.00 | OK | 
Version: 1.3.1
Check: CRAN incoming feasibility
Result: NOTE
  Maintainer: ‘Yufang Qin <yfqin@shou.edu.cn>’
  
  No Authors@R field in DESCRIPTION.
  Please add one, modifying
    Authors@R: person(given = "Yufang",
                      family = "Qin",
                      role = c("aut", "cre"),
                      email = "yfqin@shou.edu.cn")
  as necessary.
Flavors: r-devel-linux-x86_64-debian-clang, r-devel-linux-x86_64-debian-gcc