Last updated on 2025-05-25 06:51:09 CEST.
Flavor | Version | Tinstall | Tcheck | Ttotal | Status | Flags |
---|---|---|---|---|---|---|
r-devel-linux-x86_64-debian-clang | 0.4 | 12.50 | 98.17 | 110.67 | NOTE | |
r-devel-linux-x86_64-debian-gcc | 0.4 | 9.82 | 70.01 | 79.83 | NOTE | |
r-devel-linux-x86_64-fedora-clang | 0.4 | 171.39 | OK | |||
r-devel-linux-x86_64-fedora-gcc | 0.4 | 165.75 | OK | |||
r-devel-windows-x86_64 | 0.4 | 14.00 | 103.00 | 117.00 | OK | |
r-patched-linux-x86_64 | 0.4 | 11.95 | 89.62 | 101.57 | OK | |
r-release-linux-x86_64 | 0.4 | 11.45 | 91.26 | 102.71 | OK | |
r-release-macos-arm64 | 0.4 | 46.00 | OK | |||
r-release-macos-x86_64 | 0.4 | 85.00 | OK | |||
r-release-windows-x86_64 | 0.4 | 14.00 | 100.00 | 114.00 | OK | |
r-oldrel-macos-arm64 | 0.4 | 46.00 | OK | |||
r-oldrel-macos-x86_64 | 0.4 | 73.00 | OK | |||
r-oldrel-windows-x86_64 | 0.4 | 18.00 | 122.00 | 140.00 | OK |
Version: 0.4
Check: CRAN incoming feasibility
Result: NOTE
Maintainer: ‘Sacha Epskamp <mail@sachaepskamp.com>’
No Authors@R field in DESCRIPTION.
Please add one, modifying
Authors@R: c(person(given = "Claudia",
family = "van Borkulo",
role = "aut"),
person(given = c("Sacha", "Epskamp;", "with", "contributions", "from", "Alexander"),
family = "Robitzsch",
role = "aut"),
person(given = c("Mihai", "Alexandru"),
family = "Constantin",
role = "aut"),
person(given = "Sacha",
family = "Epskamp",
role = "cre",
email = "mail@sachaepskamp.com"))
as necessary.
Flavors: r-devel-linux-x86_64-debian-clang, r-devel-linux-x86_64-debian-gcc