Last updated on 2025-11-03 05:50:45 CET.
| Flavor | Version | Tinstall | Tcheck | Ttotal | Status | Flags |
|---|---|---|---|---|---|---|
| r-devel-linux-x86_64-debian-clang | 1.0.0 | 2.96 | 25.13 | 28.09 | NOTE | |
| r-devel-linux-x86_64-debian-gcc | 1.0.0 | 1.90 | 19.77 | 21.67 | NOTE | |
| r-devel-linux-x86_64-fedora-clang | 1.0.0 | 11.00 | 31.76 | 42.76 | OK | |
| r-devel-linux-x86_64-fedora-gcc | 1.0.0 | 38.92 | OK | |||
| r-devel-windows-x86_64 | 1.0.0 | 4.00 | 43.00 | 47.00 | OK | |
| r-patched-linux-x86_64 | 1.0.0 | 2.94 | 23.91 | 26.85 | OK | |
| r-release-linux-x86_64 | 1.0.0 | 2.26 | 23.48 | 25.74 | OK | |
| r-release-macos-arm64 | 1.0.0 | 2.00 | 18.00 | 20.00 | OK | |
| r-release-macos-x86_64 | 1.0.0 | 2.00 | 27.00 | 29.00 | OK | |
| r-release-windows-x86_64 | 1.0.0 | 3.00 | 41.00 | 44.00 | OK | |
| r-oldrel-macos-arm64 | 1.0.0 | 2.00 | 17.00 | 19.00 | OK | |
| r-oldrel-macos-x86_64 | 1.0.0 | 2.00 | 22.00 | 24.00 | OK | |
| r-oldrel-windows-x86_64 | 1.0.0 | 5.00 | 45.00 | 50.00 | OK |
Version: 1.0.0
Check: CRAN incoming feasibility
Result: NOTE
Maintainer: ‘Shahla Faisal <shahla_ramzan@yahoo.com>’
No Authors@R field in DESCRIPTION.
Please add one, modifying
Authors@R: person(given = "Shahla",
family = "Faisal",
role = c("aut", "cre"),
email = "shahla_ramzan@yahoo.com")
as necessary.
Flavors: r-devel-linux-x86_64-debian-clang, r-devel-linux-x86_64-debian-gcc