CRAN Package Check Results for Package JoF

Last updated on 2025-05-28 12:49:36 CEST.

Flavor Version Tinstall Tcheck Ttotal Status Flags
r-devel-linux-x86_64-debian-clang 0.1.0 2.04 30.97 33.01 NOTE
r-devel-linux-x86_64-debian-gcc 0.1.0 1.55 23.64 25.19 NOTE
r-devel-linux-x86_64-fedora-clang 0.1.0 54.14 OK
r-devel-linux-x86_64-fedora-gcc 0.1.0 70.18 OK
r-devel-windows-x86_64 0.1.0 4.00 52.00 56.00 OK
r-patched-linux-x86_64 0.1.0 2.11 29.37 31.48 OK
r-release-linux-x86_64 0.1.0 2.25 29.27 31.52 OK
r-release-macos-arm64 0.1.0 36.00 OK
r-release-macos-x86_64 0.1.0 52.00 OK
r-release-windows-x86_64 0.1.0 4.00 51.00 55.00 OK
r-oldrel-macos-arm64 0.1.0 29.00 NOTE
r-oldrel-macos-x86_64 0.1.0 38.00 NOTE
r-oldrel-windows-x86_64 0.1.0 3.00 57.00 60.00 NOTE

Check Details

Version: 0.1.0
Check: CRAN incoming feasibility
Result: NOTE Maintainer: ‘Markus Burkhardt <markus.burkhardt@psychologie.tu-chemnitz.de>’ Found the following URLs which should use \doi (with the DOI name only): File ‘TODAM2.Rd’: https://doi.org/10.1006/jmps.2000.1339 Flavors: r-devel-linux-x86_64-debian-clang, r-devel-linux-x86_64-debian-gcc

Version: 0.1.0
Check: LazyData
Result: NOTE 'LazyData' is specified without a 'data' directory Flavors: r-oldrel-macos-arm64, r-oldrel-macos-x86_64, r-oldrel-windows-x86_64

mirror server hosted at Truenetwork, Russian Federation.