Last updated on 2024-06-29 12:48:19 CEST.
Flavor | Version | Tinstall | Tcheck | Ttotal | Status | Flags |
---|---|---|---|---|---|---|
r-devel-linux-x86_64-debian-clang | 0.1.0 | 2.54 | 39.05 | 41.59 | NOTE | |
r-devel-linux-x86_64-debian-gcc | 0.1.0 | 2.11 | 29.32 | 31.43 | NOTE | |
r-devel-linux-x86_64-fedora-clang | 0.1.0 | 54.05 | NOTE | |||
r-devel-linux-x86_64-fedora-gcc | 0.1.0 | 62.74 | NOTE | |||
r-devel-windows-x86_64 | 0.1.0 | 4.00 | 51.00 | 55.00 | NOTE | |
r-patched-linux-x86_64 | 0.1.0 | 2.98 | 37.19 | 40.17 | NOTE | |
r-release-linux-x86_64 | 0.1.0 | 2.18 | 38.09 | 40.27 | NOTE | |
r-release-macos-arm64 | 0.1.0 | 29.00 | NOTE | |||
r-release-macos-x86_64 | 0.1.0 | 38.00 | NOTE | |||
r-release-windows-x86_64 | 0.1.0 | 3.00 | 52.00 | 55.00 | NOTE | |
r-oldrel-macos-arm64 | 0.1.0 | 25.00 | NOTE | |||
r-oldrel-macos-x86_64 | 0.1.0 | 37.00 | NOTE | |||
r-oldrel-windows-x86_64 | 0.1.0 | 3.00 | 53.00 | 56.00 | NOTE |
Version: 0.1.0
Check: LazyData
Result: NOTE
'LazyData' is specified without a 'data' directory
Flavors: r-devel-linux-x86_64-debian-clang, r-devel-linux-x86_64-debian-gcc, r-devel-linux-x86_64-fedora-clang, r-devel-linux-x86_64-fedora-gcc, r-devel-windows-x86_64, r-patched-linux-x86_64, r-release-linux-x86_64, r-release-macos-arm64, r-release-macos-x86_64, r-release-windows-x86_64, r-oldrel-macos-arm64, r-oldrel-macos-x86_64, r-oldrel-windows-x86_64