CRAN Package Check Results for Package KGode

Last updated on 2025-05-22 18:52:09 CEST.

Flavor Version Tinstall Tcheck Ttotal Status Flags
r-devel-linux-x86_64-debian-clang 1.0.4 9.22 50.13 59.35 NOTE
r-devel-linux-x86_64-debian-gcc 1.0.4 7.39 33.93 41.32 NOTE
r-devel-linux-x86_64-fedora-clang 1.0.4 95.10 OK
r-devel-linux-x86_64-fedora-gcc 1.0.4 94.28 OK
r-devel-windows-x86_64 1.0.4 11.00 83.00 94.00 NOTE
r-patched-linux-x86_64 1.0.4 9.66 46.26 55.92 NOTE
r-release-linux-x86_64 1.0.4 7.31 46.07 53.38 NOTE
r-release-macos-arm64 1.0.4 27.00 OK
r-release-macos-x86_64 1.0.4 51.00 OK
r-release-windows-x86_64 1.0.4 10.00 104.00 114.00 NOTE
r-oldrel-macos-arm64 1.0.4 26.00 OK
r-oldrel-macos-x86_64 1.0.4 40.00 OK
r-oldrel-windows-x86_64 1.0.4 10.00 77.00 87.00 OK

Check Details

Version: 1.0.4
Check: Rd cross-references
Result: NOTE Found the following Rd file(s) with Rd \link{} targets missing package anchors: Kernel.Rd: R6Class MLP.Rd: R6Class RBF.Rd: R6Class Warp.Rd: R6Class ode.Rd: R6Class rkg3.Rd: R6Class rkhs.Rd: R6Class Please provide package anchors for all Rd \link{} targets not in the package itself and the base packages. Flavors: r-devel-linux-x86_64-debian-clang, r-devel-linux-x86_64-debian-gcc, r-devel-windows-x86_64, r-patched-linux-x86_64, r-release-linux-x86_64, r-release-windows-x86_64

mirror server hosted at Truenetwork, Russian Federation.