Last updated on 2025-07-12 12:48:32 CEST.
Flavor | Version | Tinstall | Tcheck | Ttotal | Status | Flags |
---|---|---|---|---|---|---|
r-devel-linux-x86_64-debian-clang | 0.3.0 | 9.20 | 141.10 | 150.30 | NOTE | |
r-devel-linux-x86_64-debian-gcc | 0.3.0 | 6.72 | 100.68 | 107.40 | NOTE | |
r-devel-linux-x86_64-fedora-clang | 0.3.0 | 230.08 | NOTE | |||
r-devel-linux-x86_64-fedora-gcc | 0.3.0 | 230.83 | NOTE | |||
r-devel-windows-x86_64 | 0.3.0 | 13.00 | 171.00 | 184.00 | NOTE | |
r-patched-linux-x86_64 | 0.3.0 | 11.97 | 132.85 | 144.82 | NOTE | |
r-release-linux-x86_64 | 0.3.0 | 9.59 | 130.49 | 140.08 | NOTE | |
r-release-macos-arm64 | 0.3.0 | 68.00 | NOTE | |||
r-release-macos-x86_64 | 0.3.0 | 144.00 | NOTE | |||
r-release-windows-x86_64 | 0.3.0 | 13.00 | 172.00 | 185.00 | NOTE | |
r-oldrel-macos-arm64 | 0.3.0 | 73.00 | NOTE | |||
r-oldrel-macos-x86_64 | 0.3.0 | 111.00 | NOTE | |||
r-oldrel-windows-x86_64 | 0.3.0 | 16.00 | 238.00 | 254.00 | NOTE |
Version: 0.3.0
Check: Rd files
Result: NOTE
checkRd: (-1) TS_diagnostics_plot.Rd:19: Lost braces
19 | \item{interactive}{\code{logical} input, should be code{TRUE} unless
| ^
checkRd: (-1) plot.TS_fit.Rd:29: Lost braces
29 | \item{interactive}{\code{logical} input, should be code{TRUE} unless
| ^
Flavors: r-devel-linux-x86_64-debian-clang, r-devel-linux-x86_64-debian-gcc, r-devel-linux-x86_64-fedora-clang, r-devel-linux-x86_64-fedora-gcc, r-devel-windows-x86_64, r-patched-linux-x86_64, r-release-linux-x86_64, r-release-macos-arm64, r-release-macos-x86_64, r-release-windows-x86_64, r-oldrel-macos-arm64, r-oldrel-macos-x86_64, r-oldrel-windows-x86_64