CRAN Package Check Results for Package Laterality

Last updated on 2025-07-13 06:48:28 CEST.

Flavor Version Tinstall Tcheck Ttotal Status Flags
r-devel-linux-x86_64-debian-clang 0.9.5 3.28 32.10 35.38 NOTE
r-devel-linux-x86_64-debian-gcc 0.9.5 2.15 24.46 26.61 NOTE
r-devel-linux-x86_64-fedora-clang 0.9.5 54.92 OK
r-devel-linux-x86_64-fedora-gcc 0.9.5 52.44 OK
r-devel-windows-x86_64 0.9.5 4.00 53.00 57.00 OK
r-patched-linux-x86_64 0.9.5 4.14 30.28 34.42 OK
r-release-linux-x86_64 0.9.5 2.25 30.17 32.42 OK
r-release-macos-arm64 0.9.5 22.00 OK
r-release-macos-x86_64 0.9.5 33.00 OK
r-release-windows-x86_64 0.9.5 4.00 57.00 61.00 OK
r-oldrel-macos-arm64 0.9.5 20.00 OK
r-oldrel-macos-x86_64 0.9.5 52.00 OK
r-oldrel-windows-x86_64 0.9.5 5.00 59.00 64.00 OK

Check Details

Version: 0.9.5
Check: CRAN incoming feasibility
Result: NOTE Maintainer: ‘Antony Borel <antony.borel@gmail.com>’ No Authors@R field in DESCRIPTION. Please add one, modifying Authors@R: c(person(given = "Borel", family = "A.", role = "aut"), person(given = "Pouydebat", family = "E.", role = "aut"), person(given = "Reghem", family = "E.", role = "aut"), person(given = "Antony", family = "Borel", role = "cre", email = "antony.borel@gmail.com")) as necessary. Flavors: r-devel-linux-x86_64-debian-clang, r-devel-linux-x86_64-debian-gcc

mirror server hosted at Truenetwork, Russian Federation.