CRAN Package Check Results for Package LeArEst

Last updated on 2025-05-28 00:49:05 CEST.

Flavor Version Tinstall Tcheck Ttotal Status Flags
r-devel-linux-x86_64-debian-clang 1.0.0 3.75 27.47 31.22 OK
r-devel-linux-x86_64-debian-gcc 1.0.0 3.02 20.67 23.69 OK
r-devel-linux-x86_64-fedora-clang 1.0.0 49.90 OK
r-devel-linux-x86_64-fedora-gcc 1.0.0 49.03 OK
r-devel-windows-x86_64 1.0.0 6.00 46.00 52.00 OK
r-patched-linux-x86_64 1.0.0 4.53 25.63 30.16 OK
r-release-linux-x86_64 1.0.0 3.76 25.79 29.55 OK
r-release-macos-arm64 1.0.0 33.00 OK
r-release-macos-x86_64 1.0.0 36.00 OK
r-release-windows-x86_64 1.0.0 6.00 46.00 52.00 OK
r-oldrel-macos-arm64 1.0.0 19.00 NOTE
r-oldrel-macos-x86_64 1.0.0 26.00 NOTE
r-oldrel-windows-x86_64 1.0.0 8.00 51.00 59.00 NOTE

Check Details

Version: 1.0.0
Check: LazyData
Result: NOTE 'LazyData' is specified without a 'data' directory Flavors: r-oldrel-macos-arm64, r-oldrel-macos-x86_64, r-oldrel-windows-x86_64

mirror server hosted at Truenetwork, Russian Federation.