Last updated on 2025-02-22 11:51:30 CET.
Flavor | Version | Tinstall | Tcheck | Ttotal | Status | Flags |
---|---|---|---|---|---|---|
r-devel-linux-x86_64-debian-clang | 1.5 | 3.36 | 26.35 | 29.71 | OK | |
r-devel-linux-x86_64-debian-gcc | 1.5 | 2.26 | 20.37 | 22.63 | OK | |
r-devel-linux-x86_64-fedora-clang | 1.5 | 47.14 | OK | |||
r-devel-linux-x86_64-fedora-gcc | 1.5 | 45.10 | OK | |||
r-devel-macos-arm64 | 1.5 | 18.00 | OK | |||
r-devel-macos-x86_64 | 1.5 | 30.00 | OK | |||
r-devel-windows-x86_64 | 1.5 | 5.00 | 54.00 | 59.00 | OK | |
r-patched-linux-x86_64 | 1.5 | 3.70 | 25.00 | 28.70 | NOTE | |
r-release-linux-x86_64 | 1.5 | 3.19 | 24.82 | 28.01 | NOTE | |
r-release-macos-arm64 | 1.5 | 17.00 | NOTE | |||
r-release-macos-x86_64 | 1.5 | 32.00 | NOTE | |||
r-release-windows-x86_64 | 1.5 | 5.00 | 53.00 | 58.00 | NOTE | |
r-oldrel-macos-arm64 | 1.5 | 19.00 | NOTE | |||
r-oldrel-macos-x86_64 | 1.5 | 26.00 | NOTE | |||
r-oldrel-windows-x86_64 | 1.5 | 5.00 | 58.00 | 63.00 | NOTE |
Version: 1.5
Check: LazyData
Result: NOTE
'LazyData' is specified without a 'data' directory
Flavors: r-patched-linux-x86_64, r-release-linux-x86_64, r-release-macos-arm64, r-release-macos-x86_64, r-release-windows-x86_64, r-oldrel-macos-arm64, r-oldrel-macos-x86_64, r-oldrel-windows-x86_64