Last updated on 2024-06-27 00:56:07 CEST.
Flavor | Version | Tinstall | Tcheck | Ttotal | Status | Flags |
---|---|---|---|---|---|---|
r-devel-linux-x86_64-debian-clang | 1.1 | NOTE | ||||
r-devel-linux-x86_64-debian-gcc | 1.1 | 3.96 | 40.17 | 44.13 | NOTE | |
r-devel-linux-x86_64-fedora-clang | 1.1 | 75.03 | NOTE | |||
r-devel-linux-x86_64-fedora-gcc | 1.1 | 82.77 | NOTE | |||
r-devel-windows-x86_64 | 1.1 | 6.00 | 75.00 | 81.00 | OK | |
r-patched-linux-x86_64 | 1.1 | 5.56 | 51.26 | 56.82 | NOTE | |
r-release-linux-x86_64 | 1.1 | 6.85 | 52.01 | 58.86 | NOTE | |
r-release-macos-arm64 | 1.1 | 32.00 | OK | |||
r-release-macos-x86_64 | 1.1 | 49.00 | OK | |||
r-release-windows-x86_64 | 1.1 | 6.00 | 74.00 | 80.00 | OK | |
r-oldrel-macos-arm64 | 1.1 | 35.00 | OK | |||
r-oldrel-macos-x86_64 | 1.1 | 50.00 | NOTE | |||
r-oldrel-windows-x86_64 | 1.1 | 8.00 | 80.00 | 88.00 | OK |
Version: 1.1
Check: for non-standard things in the check directory
Result: NOTE
Found the following files/directories:
‘tTestTable.rda’
Flavors: r-devel-linux-x86_64-debian-clang, r-devel-linux-x86_64-debian-gcc, r-devel-linux-x86_64-fedora-clang, r-devel-linux-x86_64-fedora-gcc, r-patched-linux-x86_64, r-release-linux-x86_64
Version: 1.1
Check: package dependencies
Result: NOTE
Package suggested but not available for checking: ‘graph’
Flavor: r-oldrel-macos-x86_64