CRAN Package Check Results for Package M2SMJF

Last updated on 2025-02-22 11:51:31 CET.

Flavor Version Tinstall Tcheck Ttotal Status Flags
r-devel-linux-x86_64-debian-clang 1.0 4.25 39.38 43.63 OK
r-devel-linux-x86_64-debian-gcc 1.0 3.08 29.30 32.38 OK
r-devel-linux-x86_64-fedora-clang 1.0 71.98 OK
r-devel-linux-x86_64-fedora-gcc 1.0 81.96 OK
r-devel-macos-arm64 1.0 30.00 OK
r-devel-macos-x86_64 1.0 64.00 OK
r-devel-windows-x86_64 1.0 6.00 61.00 67.00 OK
r-patched-linux-x86_64 1.0 3.72 36.54 40.26 NOTE
r-release-linux-x86_64 1.0 4.21 36.45 40.66 NOTE
r-release-macos-arm64 1.0 30.00 NOTE
r-release-macos-x86_64 1.0 44.00 NOTE
r-release-windows-x86_64 1.0 6.00 60.00 66.00 NOTE
r-oldrel-macos-arm64 1.0 32.00 NOTE
r-oldrel-macos-x86_64 1.0 45.00 NOTE
r-oldrel-windows-x86_64 1.0 7.00 64.00 71.00 NOTE

Check Details

Version: 1.0
Check: LazyData
Result: NOTE 'LazyData' is specified without a 'data' directory Flavors: r-patched-linux-x86_64, r-release-linux-x86_64, r-release-macos-arm64, r-release-macos-x86_64, r-release-windows-x86_64, r-oldrel-macos-arm64, r-oldrel-macos-x86_64, r-oldrel-windows-x86_64

mirror server hosted at Truenetwork, Russian Federation.