Last updated on 2025-11-04 05:51:15 CET.
| Flavor | Version | Tinstall | Tcheck | Ttotal | Status | Flags | 
|---|---|---|---|---|---|---|
| r-devel-linux-x86_64-debian-clang | 1.1.1 | 45.50 | 358.23 | 403.73 | OK | |
| r-devel-linux-x86_64-debian-gcc | 1.1.1 | 35.55 | 252.29 | 287.84 | OK | |
| r-devel-linux-x86_64-fedora-clang | 1.1.1 | 254.00 | 449.93 | 703.93 | OK | |
| r-devel-linux-x86_64-fedora-gcc | 1.1.1 | 161.00 | 499.94 | 660.94 | OK | |
| r-devel-windows-x86_64 | 1.1.1 | 42.00 | 289.00 | 331.00 | OK | |
| r-patched-linux-x86_64 | 1.1.1 | 0.32 | 1.87 | 2.19 | ERROR | |
| r-release-linux-x86_64 | 1.1.1 | 39.81 | 340.43 | 380.24 | OK | |
| r-release-macos-arm64 | 1.1.1 | 22.00 | 131.00 | 153.00 | OK | |
| r-release-macos-x86_64 | 1.1.1 | 40.00 | 283.00 | 323.00 | OK | |
| r-release-windows-x86_64 | 1.1.1 | 43.00 | 279.00 | 322.00 | OK | |
| r-oldrel-macos-arm64 | 1.1.1 | 21.00 | 138.00 | 159.00 | OK | |
| r-oldrel-macos-x86_64 | 1.1.1 | 39.00 | 214.00 | 253.00 | OK | |
| r-oldrel-windows-x86_64 | 1.1.1 | 45.00 | 386.00 | 431.00 | OK | 
Version: 1.1.1
Check: package dependencies
Result: ERROR
  Packages required but not available:
    'GenomicAlignments', 'GenomicFeatures', 'GenomeInfoDb'
  
  See section ‘The DESCRIPTION file’ in the ‘Writing R Extensions’
  manual.
Flavor: r-patched-linux-x86_64