Last updated on 2025-11-03 05:50:46 CET.
| Flavor | Version | Tinstall | Tcheck | Ttotal | Status | Flags |
|---|---|---|---|---|---|---|
| r-devel-linux-x86_64-debian-clang | 1.0.1 | 24.82 | 30.77 | 55.59 | NOTE | |
| r-devel-linux-x86_64-debian-gcc | 1.0.1 | 14.86 | 23.63 | 38.49 | NOTE | |
| r-devel-linux-x86_64-fedora-clang | 1.0.1 | 75.00 | 24.03 | 99.03 | OK | |
| r-devel-linux-x86_64-fedora-gcc | 1.0.1 | 44.00 | 43.58 | 87.58 | OK | |
| r-devel-windows-x86_64 | 1.0.1 | 28.00 | 69.00 | 97.00 | OK | |
| r-patched-linux-x86_64 | 1.0.1 | 21.10 | 29.22 | 50.32 | OK | |
| r-release-linux-x86_64 | 1.0.1 | 23.37 | 29.21 | 52.58 | OK | |
| r-release-macos-arm64 | 1.0.1 | 14.00 | 31.00 | 45.00 | OK | |
| r-release-macos-x86_64 | 1.0.1 | 14.00 | 32.00 | 46.00 | OK | |
| r-release-windows-x86_64 | 1.0.1 | 26.00 | 74.00 | 100.00 | OK | |
| r-oldrel-macos-arm64 | 1.0.1 | 10.00 | 18.00 | 28.00 | OK | |
| r-oldrel-macos-x86_64 | 1.0.1 | 13.00 | 28.00 | 41.00 | OK | |
| r-oldrel-windows-x86_64 | 1.0.1 | 33.00 | 86.00 | 119.00 | OK |
Version: 1.0.1
Check: CRAN incoming feasibility
Result: NOTE
Maintainer: ‘Andrew Chapple <achapp@lsuhsc.edu>’
No Authors@R field in DESCRIPTION.
Please add one, modifying
Authors@R: person(given = "Andrew",
family = "Chapple",
role = c("aut", "cre"),
email = "achapp@lsuhsc.edu")
as necessary.
Flavors: r-devel-linux-x86_64-debian-clang, r-devel-linux-x86_64-debian-gcc