Last updated on 2024-06-29 12:48:20 CEST.
Flavor | Version | Tinstall | Tcheck | Ttotal | Status | Flags |
---|---|---|---|---|---|---|
r-devel-linux-x86_64-debian-clang | 1.2.2 | 9.95 | 378.87 | 388.82 | OK | |
r-devel-linux-x86_64-debian-gcc | 1.2.2 | 6.90 | 258.39 | 265.29 | OK | |
r-devel-linux-x86_64-fedora-clang | 1.2.2 | 483.56 | NOTE | |||
r-devel-linux-x86_64-fedora-gcc | 1.2.2 | 359.22 | OK | |||
r-devel-windows-x86_64 | 1.2.2 | 8.00 | 704.00 | 712.00 | NOTE | |
r-patched-linux-x86_64 | 1.2.2 | 11.45 | 353.68 | 365.13 | OK | |
r-release-linux-x86_64 | 1.2.2 | 8.11 | 354.42 | 362.53 | OK | |
r-release-macos-arm64 | 1.2.2 | 111.00 | NOTE | |||
r-release-macos-x86_64 | 1.2.2 | 235.00 | NOTE | |||
r-release-windows-x86_64 | 1.2.2 | 8.00 | 425.00 | 433.00 | NOTE | |
r-oldrel-macos-arm64 | 1.2.2 | 123.00 | NOTE | |||
r-oldrel-macos-x86_64 | 1.2.2 | 167.00 | NOTE | |||
r-oldrel-windows-x86_64 | 1.2.2 | 10.00 | 446.00 | 456.00 | NOTE |
Version: 1.2.2
Check: installed package size
Result: NOTE
installed size is 5.3Mb
sub-directories of 1Mb or more:
data 1.2Mb
doc 3.5Mb
Flavors: r-devel-linux-x86_64-fedora-clang, r-devel-windows-x86_64, r-release-macos-arm64, r-release-macos-x86_64, r-release-windows-x86_64, r-oldrel-macos-arm64, r-oldrel-macos-x86_64, r-oldrel-windows-x86_64
Version: 1.2.2
Check: package dependencies
Result: NOTE
Package suggested but not available for checking: ‘DescTools’
Flavor: r-oldrel-macos-x86_64