Last updated on 2025-11-03 05:50:46 CET.
| Flavor | Version | Tinstall | Tcheck | Ttotal | Status | Flags | 
|---|---|---|---|---|---|---|
| r-devel-linux-x86_64-debian-clang | 0.2.3 | 16.42 | 94.95 | 111.37 | NOTE | |
| r-devel-linux-x86_64-debian-gcc | 0.2.3 | 10.38 | 65.73 | 76.11 | NOTE | |
| r-devel-linux-x86_64-fedora-clang | 0.2.3 | 119.00 | 60.79 | 179.79 | OK | |
| r-devel-linux-x86_64-fedora-gcc | 0.2.3 | 71.00 | 96.32 | 167.32 | OK | |
| r-devel-windows-x86_64 | 0.2.3 | 16.00 | 90.00 | 106.00 | OK | |
| r-patched-linux-x86_64 | 0.2.3 | 14.39 | 84.68 | 99.07 | OK | |
| r-release-linux-x86_64 | 0.2.3 | 14.10 | 84.48 | 98.58 | OK | |
| r-release-macos-arm64 | 0.2.3 | 5.00 | 32.00 | 37.00 | OK | |
| r-release-macos-x86_64 | 0.2.3 | 11.00 | 60.00 | 71.00 | OK | |
| r-release-windows-x86_64 | 0.2.3 | 15.00 | 86.00 | 101.00 | OK | |
| r-oldrel-macos-arm64 | 0.2.3 | 6.00 | 32.00 | 38.00 | OK | |
| r-oldrel-macos-x86_64 | 0.2.3 | 11.00 | 49.00 | 60.00 | OK | |
| r-oldrel-windows-x86_64 | 0.2.3 | 24.00 | 118.00 | 142.00 | OK | 
Version: 0.2.3
Check: CRAN incoming feasibility
Result: NOTE
  Maintainer: ‘Alka Benawra <alkabenawra@rogers.com>’
  
  No Authors@R field in DESCRIPTION.
  Please add one, modifying
    Authors@R: person(given = "Alka",
                      family = "Benawra",
                      role = c("aut", "cre"),
                      email = "alkabenawra@rogers.com")
  as necessary.
Flavors: r-devel-linux-x86_64-debian-clang, r-devel-linux-x86_64-debian-gcc