CRAN Package Check Results for Package MEPDF

Last updated on 2025-02-22 23:51:09 CET.

Flavor Version Tinstall Tcheck Ttotal Status Flags
r-devel-linux-x86_64-debian-clang 3.0 2.28 24.23 26.51 OK
r-devel-linux-x86_64-debian-gcc 3.0 1.85 19.07 20.92 OK
r-devel-linux-x86_64-fedora-clang 3.0 42.79 OK
r-devel-linux-x86_64-fedora-gcc 3.0 39.87 OK
r-devel-macos-arm64 3.0 16.00 OK
r-devel-macos-x86_64 3.0 30.00 OK
r-devel-windows-x86_64 3.0 4.00 45.00 49.00 OK
r-patched-linux-x86_64 3.0 2.39 22.78 25.17 NOTE
r-release-linux-x86_64 3.0 2.42 22.90 25.32 NOTE
r-release-macos-arm64 3.0 16.00 NOTE
r-release-macos-x86_64 3.0 24.00 NOTE
r-release-windows-x86_64 3.0 3.00 44.00 47.00 NOTE
r-oldrel-macos-arm64 3.0 17.00 NOTE
r-oldrel-macos-x86_64 3.0 24.00 NOTE
r-oldrel-windows-x86_64 3.0 4.00 48.00 52.00 NOTE

Check Details

Version: 3.0
Check: LazyData
Result: NOTE 'LazyData' is specified without a 'data' directory Flavors: r-patched-linux-x86_64, r-release-linux-x86_64, r-release-macos-arm64, r-release-macos-x86_64, r-release-windows-x86_64, r-oldrel-macos-arm64, r-oldrel-macos-x86_64, r-oldrel-windows-x86_64

mirror server hosted at Truenetwork, Russian Federation.