Last updated on 2025-11-03 23:50:23 CET.
| Flavor | Version | Tinstall | Tcheck | Ttotal | Status | Flags | 
|---|---|---|---|---|---|---|
| r-devel-linux-x86_64-debian-clang | 1.0.1 | 5.63 | 55.46 | 61.09 | NOTE | |
| r-devel-linux-x86_64-debian-gcc | 1.0.1 | 5.01 | 42.47 | 47.48 | NOTE | |
| r-devel-linux-x86_64-fedora-clang | 1.0.1 | 27.00 | 70.67 | 97.67 | OK | |
| r-devel-linux-x86_64-fedora-gcc | 1.0.1 | 13.00 | 75.64 | 88.64 | OK | |
| r-devel-windows-x86_64 | 1.0.1 | 7.00 | 71.00 | 78.00 | OK | |
| r-patched-linux-x86_64 | 1.0.1 | 5.17 | 52.98 | 58.15 | OK | |
| r-release-linux-x86_64 | 1.0.1 | 6.13 | 52.82 | 58.95 | OK | |
| r-release-macos-arm64 | 1.0.1 | 3.00 | 28.00 | 31.00 | OK | |
| r-release-macos-x86_64 | 1.0.1 | 6.00 | 49.00 | 55.00 | OK | |
| r-release-windows-x86_64 | 1.0.1 | 6.00 | 69.00 | 75.00 | OK | |
| r-oldrel-macos-arm64 | 1.0.1 | 3.00 | 26.00 | 29.00 | OK | |
| r-oldrel-macos-x86_64 | 1.0.1 | 6.00 | 46.00 | 52.00 | OK | |
| r-oldrel-windows-x86_64 | 1.0.1 | 8.00 | 82.00 | 90.00 | OK | 
Version: 1.0.1
Check: CRAN incoming feasibility
Result: NOTE
  Maintainer: ‘Mohammed Sedki <Mohammed.sedki@u-psud.fr>’
  
  No Authors@R field in DESCRIPTION.
  Please add one, modifying
    Authors@R: c(person(given = "Matthieu",
                        family = "Marbac",
                        role = "aut"),
                 person(given = "Mohammed",
                        family = "Sedki",
                        role = c("aut", "cre"),
                        email = "mohammed.sedki@u-psud.fr"))
  as necessary.
  
  Found the following \keyword or \concept entries
  which likely give several index terms:
    File ‘MHTrajectoryR-package.Rd’:
      \keyword{Binary data, logistic regression, Metropo [TRUNCATED]
Flavors: r-devel-linux-x86_64-debian-clang, r-devel-linux-x86_64-debian-gcc