Last updated on 2025-05-28 06:51:31 CEST.
Flavor | Version | Tinstall | Tcheck | Ttotal | Status | Flags |
---|---|---|---|---|---|---|
r-devel-linux-x86_64-debian-clang | 1.0 | 7.80 | 76.08 | 83.88 | NOTE | |
r-devel-linux-x86_64-debian-gcc | 1.0 | 6.09 | 58.12 | 64.21 | NOTE | |
r-devel-linux-x86_64-fedora-clang | 1.0 | 133.64 | OK | |||
r-devel-linux-x86_64-fedora-gcc | 1.0 | 146.05 | OK | |||
r-devel-windows-x86_64 | 1.0 | 10.00 | 111.00 | 121.00 | OK | |
r-patched-linux-x86_64 | 1.0 | 9.20 | 73.26 | 82.46 | OK | |
r-release-linux-x86_64 | 1.0 | 8.87 | 73.17 | 82.04 | OK | |
r-release-macos-arm64 | 1.0 | 67.00 | OK | |||
r-release-macos-x86_64 | 1.0 | 118.00 | OK | |||
r-release-windows-x86_64 | 1.0 | 9.00 | 112.00 | 121.00 | OK | |
r-oldrel-macos-arm64 | 1.0 | 54.00 | OK | |||
r-oldrel-macos-x86_64 | 1.0 | 78.00 | OK | |||
r-oldrel-windows-x86_64 | 1.0 | 12.00 | 129.00 | 141.00 | OK |
Version: 1.0
Check: CRAN incoming feasibility
Result: NOTE
Maintainer: ‘Ricardo Pio Monti <ricardo.monti08@gmail.com>’
No Authors@R field in DESCRIPTION.
Please add one, modifying
Authors@R: c(person(given = c("Ricardo", "Pio"),
family = "Monti",
role = c("aut", "cre"),
email = "ricardo.monti08@gmail.com"),
person(given = "Christoforos",
family = "Anagnostopoulos",
role = "aut"),
person(given = "Giovanni",
family = "Montana",
role = "aut"))
as necessary.
Flavors: r-devel-linux-x86_64-debian-clang, r-devel-linux-x86_64-debian-gcc