Last updated on 2025-11-24 11:50:12 CET.
| Flavor | Version | Tinstall | Tcheck | Ttotal | Status | Flags |
|---|---|---|---|---|---|---|
| r-devel-linux-x86_64-debian-clang | 0.2 | 5.02 | 45.40 | 50.42 | NOTE | |
| r-devel-linux-x86_64-debian-gcc | 0.2 | 3.30 | 33.23 | 36.53 | NOTE | |
| r-devel-linux-x86_64-fedora-clang | 0.2 | 15.00 | 65.50 | 80.50 | OK | |
| r-devel-windows-x86_64 | 0.2 | 9.00 | 59.00 | 68.00 | OK | |
| r-patched-linux-x86_64 | 0.2 | 5.93 | 42.91 | 48.84 | OK | |
| r-release-linux-x86_64 | 0.2 | 4.36 | 42.94 | 47.30 | OK | |
| r-release-macos-arm64 | 0.2 | OK | ||||
| r-release-macos-x86_64 | 0.2 | 5.00 | 37.00 | 42.00 | OK | |
| r-release-windows-x86_64 | 0.2 | 6.00 | 74.00 | 80.00 | OK | |
| r-oldrel-macos-arm64 | 0.2 | OK | ||||
| r-oldrel-macos-x86_64 | 0.2 | 4.00 | 31.00 | 35.00 | OK | |
| r-oldrel-windows-x86_64 | 0.2 | 9.00 | 70.00 | 79.00 | OK |
Version: 0.2
Check: CRAN incoming feasibility
Result: NOTE
Maintainer: ‘Ruizhe Hou <houruizhe1210@gmail.com>’
No Authors@R field in DESCRIPTION.
Please add one, modifying
Authors@R: c(person(given = "Ruizhe",
family = "Hou",
role = c("aut", "cre"),
email = "houruizhe1210@gmail.com"),
person(given = "Lu",
family = "Lu",
role = "aut"))
as necessary.
Flavors: r-devel-linux-x86_64-debian-clang, r-devel-linux-x86_64-debian-gcc