Last updated on 2025-11-24 11:50:12 CET.
| Flavor | Version | Tinstall | Tcheck | Ttotal | Status | Flags |
|---|---|---|---|---|---|---|
| r-devel-linux-x86_64-debian-clang | 2.0.0 | 4.85 | 42.45 | 47.30 | NOTE | |
| r-devel-linux-x86_64-debian-gcc | 2.0.0 | 3.80 | 32.51 | 36.31 | NOTE | |
| r-devel-linux-x86_64-fedora-clang | 2.0.0 | 11.00 | 62.16 | 73.16 | OK | |
| r-devel-windows-x86_64 | 2.0.0 | 10.00 | 65.00 | 75.00 | OK | |
| r-patched-linux-x86_64 | 2.0.0 | 4.41 | 39.66 | 44.07 | OK | |
| r-release-linux-x86_64 | 2.0.0 | 4.95 | 39.50 | 44.45 | OK | |
| r-release-macos-arm64 | 2.0.0 | OK | ||||
| r-release-macos-x86_64 | 2.0.0 | 5.00 | 40.00 | 45.00 | OK | |
| r-release-windows-x86_64 | 2.0.0 | 7.00 | 64.00 | 71.00 | OK | |
| r-oldrel-macos-arm64 | 2.0.0 | OK | ||||
| r-oldrel-macos-x86_64 | 2.0.0 | 4.00 | 33.00 | 37.00 | OK | |
| r-oldrel-windows-x86_64 | 2.0.0 | 9.00 | 77.00 | 86.00 | OK |
Version: 2.0.0
Check: CRAN incoming feasibility
Result: NOTE
Maintainer: ‘Martin Bialke <mosaic-projekt@uni-greifswald.de>’
No Authors@R field in DESCRIPTION.
Please add one, modifying
Authors@R: c(person(given = "Martin",
family = "Bialke",
role = c("aut", "cre"),
email = "mosaic-projekt@uni-greifswald.de"),
person(given = "Thea",
family = "Schwaneberg",
role = "aut",
email = "thea.schwaneberg@uni-greifswald.de"),
person(given = "Rene",
family = "Walk",
role = "aut",
email = "rene.walk@uni-greifswald.de"))
as necessary.
Flavors: r-devel-linux-x86_64-debian-clang, r-devel-linux-x86_64-debian-gcc