CRAN Package Check Results for Package MSiP

Last updated on 2025-05-23 18:50:33 CEST.

Flavor Version Tinstall Tcheck Ttotal Status Flags
r-devel-linux-x86_64-debian-clang 1.3.7 17.64 275.12 292.76 OK
r-devel-linux-x86_64-debian-gcc 1.3.7 11.28 196.34 207.62 OK
r-devel-linux-x86_64-fedora-clang 1.3.7 449.85 NOTE
r-devel-linux-x86_64-fedora-gcc 1.3.7 443.26 NOTE
r-devel-windows-x86_64 1.3.7 18.00 226.00 244.00 OK
r-patched-linux-x86_64 1.3.7 15.77 258.49 274.26 OK
r-release-linux-x86_64 1.3.7 15.81 256.27 272.08 OK
r-release-macos-arm64 1.3.7 131.00 OK
r-release-macos-x86_64 1.3.7 227.00 OK
r-release-windows-x86_64 1.3.7 18.00 228.00 246.00 OK
r-oldrel-macos-arm64 1.3.7 102.00 OK
r-oldrel-macos-x86_64 1.3.7 148.00 OK
r-oldrel-windows-x86_64 1.3.7 23.00 295.00 318.00 OK

Check Details

Version: 1.3.7
Check: dependencies in R code
Result: NOTE Namespace in Imports field not imported from: ‘ranger’ All declared Imports should be used. Flavors: r-devel-linux-x86_64-fedora-clang, r-devel-linux-x86_64-fedora-gcc

mirror server hosted at Truenetwork, Russian Federation.