Last updated on 2025-02-22 11:51:31 CET.
Flavor | Version | Tinstall | Tcheck | Ttotal | Status | Flags |
---|---|---|---|---|---|---|
r-devel-linux-x86_64-debian-clang | 0.1.15 | 124.46 | 170.31 | 294.77 | OK | |
r-devel-linux-x86_64-debian-gcc | 0.1.15 | 84.96 | 113.75 | 198.71 | OK | |
r-devel-linux-x86_64-fedora-clang | 0.1.15 | 461.70 | OK | |||
r-devel-linux-x86_64-fedora-gcc | 0.1.15 | 500.90 | OK | |||
r-devel-macos-arm64 | 0.1.15 | 121.00 | OK | |||
r-devel-macos-x86_64 | 0.1.15 | 255.00 | OK | |||
r-devel-windows-x86_64 | 0.1.15 | 112.00 | 174.00 | 286.00 | OK | |
r-patched-linux-x86_64 | 0.1.15 | 121.85 | 161.48 | 283.33 | OK | |
r-release-linux-x86_64 | 0.1.15 | 118.30 | 157.85 | 276.15 | OK | |
r-release-macos-arm64 | 0.1.15 | 172.00 | NOTE | |||
r-release-macos-x86_64 | 0.1.15 | 211.00 | NOTE | |||
r-release-windows-x86_64 | 0.1.15 | 116.00 | 180.00 | 296.00 | OK | |
r-oldrel-macos-arm64 | 0.1.15 | 124.00 | NOTE | |||
r-oldrel-macos-x86_64 | 0.1.15 | 268.00 | NOTE | |||
r-oldrel-windows-x86_64 | 0.1.15 | 116.00 | 243.00 | 359.00 | OK |
Version: 0.1.15
Check: installed package size
Result: NOTE
installed size is 11.3Mb
sub-directories of 1Mb or more:
R 2.1Mb
libs 9.0Mb
Flavors: r-release-macos-arm64, r-release-macos-x86_64, r-oldrel-macos-arm64, r-oldrel-macos-x86_64