Last updated on 2025-11-24 11:50:11 CET.
| Flavor | Version | Tinstall | Tcheck | Ttotal | Status | Flags |
|---|---|---|---|---|---|---|
| r-devel-linux-x86_64-debian-clang | 2.0.0 | 32.87 | 338.47 | 371.34 | NOTE | |
| r-devel-linux-x86_64-debian-gcc | 2.0.0 | 21.99 | 220.97 | 242.96 | NOTE | |
| r-devel-linux-x86_64-fedora-clang | 2.0.0 | 293.00 | 257.90 | 550.90 | NOTE | |
| r-devel-windows-x86_64 | 2.0.0 | 33.00 | 301.00 | 334.00 | NOTE | |
| r-patched-linux-x86_64 | 2.0.0 | 34.46 | 324.00 | 358.46 | NOTE | |
| r-release-linux-x86_64 | 2.0.0 | 34.21 | 323.89 | 358.10 | NOTE | |
| r-release-macos-arm64 | 2.0.0 | NOTE | ||||
| r-release-macos-x86_64 | 2.0.0 | 29.00 | 283.00 | 312.00 | NOTE | |
| r-release-windows-x86_64 | 2.0.0 | 32.00 | 347.00 | 379.00 | NOTE | |
| r-oldrel-macos-arm64 | 2.0.0 | NOTE | ||||
| r-oldrel-macos-x86_64 | 2.0.0 | 20.00 | 198.00 | 218.00 | NOTE | |
| r-oldrel-windows-x86_64 | 2.0.0 | 47.00 | 394.00 | 441.00 | NOTE |
Version: 2.0.0
Check: CRAN incoming feasibility
Result: NOTE
Maintainer: ‘Frederico Mestre <mestre.frederico@gmail.com>’
No Authors@R field in DESCRIPTION.
Please add one, modifying
Authors@R: c(person(given = "Frederico",
family = "Mestre",
role = c("aut", "cre"),
email = "mestre.frederico@gmail.com"),
person(given = "Fernando",
family = "Canovas",
role = "aut"),
person(given = "Benjamin",
family = "Risk",
role = "aut"),
person(given = "Ricardo",
family = "Pita",
role = "aut"),
person(given = "Antonio",
family = "Mira",
role = "aut"),
person(given = "Pedro",
family = "Beja.",
role = "aut"))
as necessary.
Package CITATION file contains call(s) to old-style personList() or
as.personList(). Please use c() on person objects instead.
Package CITATION file contains call(s) to old-style citEntry(). Please
use bibentry() instead.
Flavors: r-devel-linux-x86_64-debian-clang, r-devel-linux-x86_64-debian-gcc
Version: 2.0.0
Check: Rd files
Result: NOTE
checkRd: (-1) rland.graph.Rd:27: Lost braces in \itemize; \value handles \item{}{} directly
checkRd: (-1) rland.graph.Rd:28: Lost braces in \itemize; \value handles \item{}{} directly
checkRd: (-1) rland.graph.Rd:29: Lost braces in \itemize; \value handles \item{}{} directly
checkRd: (-1) rland.graph.Rd:30: Lost braces in \itemize; \value handles \item{}{} directly
checkRd: (-1) rland.graph.Rd:31: Lost braces in \itemize; \value handles \item{}{} directly
checkRd: (-1) rland.graph.Rd:32: Lost braces in \itemize; \value handles \item{}{} directly
checkRd: (-1) rland.graph.Rd:33-34: Lost braces in \itemize; \value handles \item{}{} directly
Flavors: r-devel-linux-x86_64-debian-clang, r-devel-linux-x86_64-debian-gcc, r-devel-linux-x86_64-fedora-clang, r-patched-linux-x86_64, r-release-linux-x86_64, r-release-macos-arm64, r-release-macos-x86_64, r-release-windows-x86_64, r-oldrel-macos-arm64, r-oldrel-macos-x86_64, r-oldrel-windows-x86_64
Version: 2.0.0
Check: Rd files
Result: NOTE
checkRd: (-1) MetaLandSim-package.Rd:34-40: Only 2 columns allowed in this table (row 5 has 1)
checkRd: (-1) rland.graph.Rd:27: Lost braces in \itemize; \value handles \item{}{} directly
checkRd: (-1) rland.graph.Rd:28: Lost braces in \itemize; \value handles \item{}{} directly
checkRd: (-1) rland.graph.Rd:29: Lost braces in \itemize; \value handles \item{}{} directly
checkRd: (-1) rland.graph.Rd:30: Lost braces in \itemize; \value handles \item{}{} directly
checkRd: (-1) rland.graph.Rd:31: Lost braces in \itemize; \value handles \item{}{} directly
checkRd: (-1) rland.graph.Rd:32: Lost braces in \itemize; \value handles \item{}{} directly
checkRd: (-1) rland.graph.Rd:33-34: Lost braces in \itemize; \value handles \item{}{} directly
Flavor: r-devel-windows-x86_64
Version: 2.0.0
Check: installed package size
Result: NOTE
installed size is 14.4Mb
sub-directories of 1Mb or more:
data 3.0Mb
examples 10.3Mb
Flavors: r-oldrel-macos-arm64, r-oldrel-macos-x86_64, r-oldrel-windows-x86_64