CRAN Package Check Results for Package MiRNAQCD

Last updated on 2025-11-03 11:49:46 CET.

Flavor Version Tinstall Tcheck Ttotal Status Flags
r-devel-linux-x86_64-debian-clang 1.1.3 4.28 35.89 40.17 OK
r-devel-linux-x86_64-debian-gcc 1.1.3 2.65 25.88 28.53 OK
r-devel-linux-x86_64-fedora-clang 1.1.3 60.60 NOTE
r-devel-linux-x86_64-fedora-gcc 1.1.3 58.56 NOTE
r-devel-windows-x86_64 1.1.3 5.00 51.00 56.00 OK
r-patched-linux-x86_64 1.1.3 3.98 33.44 37.42 OK
r-release-linux-x86_64 1.1.3 3.59 33.64 37.23 OK
r-release-macos-arm64 1.1.3 2.00 21.00 23.00 OK
r-release-macos-x86_64 1.1.3 3.00 34.00 37.00 OK
r-release-windows-x86_64 1.1.3 5.00 50.00 55.00 OK
r-oldrel-macos-arm64 1.1.3 2.00 18.00 20.00 OK
r-oldrel-macos-x86_64 1.1.3 3.00 25.00 28.00 OK
r-oldrel-windows-x86_64 1.1.3 6.00 63.00 69.00 OK

Check Details

Version: 1.1.3
Check: dependencies in R code
Result: NOTE Namespace in Imports field not imported from: ‘qpdf’ All declared Imports should be used. Flavors: r-devel-linux-x86_64-fedora-clang, r-devel-linux-x86_64-fedora-gcc

mirror server hosted at Truenetwork, Russian Federation.