Last updated on 2024-06-27 00:56:08 CEST.
Flavor | Version | Tinstall | Tcheck | Ttotal | Status | Flags |
---|---|---|---|---|---|---|
r-devel-linux-x86_64-debian-clang | 0.0.31 | NOTE | ||||
r-devel-linux-x86_64-debian-gcc | 0.0.31 | 12.44 | 95.50 | 107.94 | NOTE | |
r-devel-linux-x86_64-fedora-clang | 0.0.31 | 187.17 | NOTE | |||
r-devel-linux-x86_64-fedora-gcc | 0.0.31 | 173.98 | NOTE | |||
r-devel-windows-x86_64 | 0.0.31 | 14.00 | 113.00 | 127.00 | NOTE | |
r-patched-linux-x86_64 | 0.0.31 | 10.34 | 122.63 | 132.97 | NOTE | |
r-release-linux-x86_64 | 0.0.31 | 10.07 | 123.53 | 133.60 | NOTE | |
r-release-macos-arm64 | 0.0.31 | 58.00 | NOTE | |||
r-release-macos-x86_64 | 0.0.31 | 71.00 | NOTE | |||
r-release-windows-x86_64 | 0.0.31 | 14.00 | 119.00 | 133.00 | NOTE | |
r-oldrel-macos-arm64 | 0.0.31 | 53.00 | NOTE | |||
r-oldrel-macos-x86_64 | 0.0.31 | 92.00 | NOTE | |||
r-oldrel-windows-x86_64 | 0.0.31 | 19.00 | 135.00 | 154.00 | NOTE |
Version: 0.0.31
Check: LazyData
Result: NOTE
'LazyData' is specified without a 'data' directory
Flavors: r-devel-linux-x86_64-debian-clang, r-devel-linux-x86_64-debian-gcc, r-devel-linux-x86_64-fedora-clang, r-devel-linux-x86_64-fedora-gcc, r-devel-windows-x86_64, r-patched-linux-x86_64, r-release-linux-x86_64, r-release-macos-arm64, r-release-macos-x86_64, r-release-windows-x86_64, r-oldrel-macos-arm64, r-oldrel-macos-x86_64, r-oldrel-windows-x86_64
Version: 0.0.31
Check: dependencies in R code
Result: NOTE
Namespace in Imports field not imported from: ‘ggplot2’
All declared Imports should be used.
Flavors: r-devel-linux-x86_64-fedora-clang, r-devel-linux-x86_64-fedora-gcc