CRAN Package Check Results for Package MonteCarlo

Last updated on 2025-05-24 12:49:22 CEST.

Flavor Version Tinstall Tcheck Ttotal Status Flags
r-devel-linux-x86_64-debian-clang 1.0.6 3.67 55.59 59.26 NOTE
r-devel-linux-x86_64-debian-gcc 1.0.6 2.84 39.86 42.70 NOTE
r-devel-linux-x86_64-fedora-clang 1.0.6 91.79 OK
r-devel-linux-x86_64-fedora-gcc 1.0.6 103.28 OK
r-devel-windows-x86_64 1.0.6 5.00 73.00 78.00 OK
r-patched-linux-x86_64 1.0.6 3.53 52.24 55.77 OK
r-release-linux-x86_64 1.0.6 3.00 51.45 54.45 OK
r-release-macos-arm64 1.0.6 33.00 OK
r-release-macos-x86_64 1.0.6 65.00 OK
r-release-windows-x86_64 1.0.6 5.00 76.00 81.00 OK
r-oldrel-macos-arm64 1.0.6 31.00 OK
r-oldrel-macos-x86_64 1.0.6 50.00 OK
r-oldrel-windows-x86_64 1.0.6 4.00 95.00 99.00 OK

Additional issues

donttest

Check Details

Version: 1.0.6
Check: CRAN incoming feasibility
Result: NOTE Maintainer: ‘Christian Hendrik Leschinski <christian_leschinski@gmx.de>’ No Authors@R field in DESCRIPTION. Please add one, modifying Authors@R: person(given = c("Christian", "Hendrik"), family = "Leschinski", role = c("aut", "cre"), email = "christian_leschinski@gmx.de") as necessary. Flavors: r-devel-linux-x86_64-debian-clang, r-devel-linux-x86_64-debian-gcc

mirror server hosted at Truenetwork, Russian Federation.