CRAN Package Check Results for Package MultiObjMatch

Last updated on 2025-11-24 11:50:12 CET.

Flavor Version Tinstall Tcheck Ttotal Status Flags
r-devel-linux-x86_64-debian-clang 1.0.0 14.42 216.71 231.13 OK
r-devel-linux-x86_64-debian-gcc 1.0.0 9.40 153.55 162.95 OK
r-devel-linux-x86_64-fedora-clang 1.0.0 48.00 312.48 360.48 NOTE
r-devel-windows-x86_64 1.0.0 17.00 209.00 226.00 OK
r-patched-linux-x86_64 1.0.0 14.16 208.17 222.33 OK
r-release-linux-x86_64 1.0.0 14.31 209.34 223.65 OK
r-release-macos-arm64 1.0.0 OK
r-release-macos-x86_64 1.0.0 15.00 179.00 194.00 OK
r-release-windows-x86_64 1.0.0 16.00 203.00 219.00 OK
r-oldrel-macos-arm64 1.0.0 NOTE
r-oldrel-macos-x86_64 1.0.0 20.00 233.00 253.00 NOTE
r-oldrel-windows-x86_64 1.0.0 22.00 329.00 351.00 NOTE

Check Details

Version: 1.0.0
Check: dependencies in R code
Result: NOTE Namespaces in Imports field not imported from: ‘RCurl’ ‘fields’ ‘optmatch’ ‘rcbalance’ ‘utils’ All declared Imports should be used. Flavor: r-devel-linux-x86_64-fedora-clang

Version: 1.0.0
Check: package dependencies
Result: NOTE Package suggested but not available for checking: ‘rrelaxiv’ Flavors: r-oldrel-macos-arm64, r-oldrel-macos-x86_64, r-oldrel-windows-x86_64

mirror server hosted at Truenetwork, Russian Federation.