Last updated on 2025-11-03 11:49:47 CET.
| Flavor | Version | Tinstall | Tcheck | Ttotal | Status | Flags |
|---|---|---|---|---|---|---|
| r-devel-linux-x86_64-debian-clang | 1.0.0 | 1.70 | 18.59 | 20.29 | NOTE | |
| r-devel-linux-x86_64-debian-gcc | 1.0.0 | 1.45 | 15.57 | 17.02 | NOTE | |
| r-devel-linux-x86_64-fedora-clang | 1.0.0 | 31.59 | OK | |||
| r-devel-linux-x86_64-fedora-gcc | 1.0.0 | 28.05 | OK | |||
| r-devel-windows-x86_64 | 1.0.0 | 3.00 | 34.00 | 37.00 | OK | |
| r-patched-linux-x86_64 | 1.0.0 | 1.85 | 17.19 | 19.04 | OK | |
| r-release-linux-x86_64 | 1.0.0 | 1.69 | 17.41 | 19.10 | OK | |
| r-release-macos-arm64 | 1.0.0 | 1.00 | 13.00 | 14.00 | OK | |
| r-release-macos-x86_64 | 1.0.0 | 2.00 | 19.00 | 21.00 | OK | |
| r-release-windows-x86_64 | 1.0.0 | 2.00 | 33.00 | 35.00 | OK | |
| r-oldrel-macos-arm64 | 1.0.0 | 1.00 | 12.00 | 13.00 | OK | |
| r-oldrel-macos-x86_64 | 1.0.0 | 2.00 | 17.00 | 19.00 | OK | |
| r-oldrel-windows-x86_64 | 1.0.0 | 3.00 | 35.00 | 38.00 | OK |
Version: 1.0.0
Check: CRAN incoming feasibility
Result: NOTE
Maintainer: ‘Sun-joo Lee <sjlee@air.org>’
No Authors@R field in DESCRIPTION.
Please add one, modifying
Authors@R: c(person(given = "Sun-joo",
family = "Lee",
role = c("aut", "cre"),
email = "sjlee@air.org"),
person(given = "Eric",
family = "Buehler",
role = "aut"),
person(given = "Paul",
family = "Bailey",
role = "ctb"))
as necessary.
Flavors: r-devel-linux-x86_64-debian-clang, r-devel-linux-x86_64-debian-gcc