Last updated on 2025-11-03 11:49:47 CET.
| Flavor | Version | Tinstall | Tcheck | Ttotal | Status | Flags |
|---|---|---|---|---|---|---|
| r-devel-linux-x86_64-debian-clang | 2.0.0 | 7.02 | 54.51 | 61.53 | OK | |
| r-devel-linux-x86_64-debian-gcc | 2.0.0 | 5.27 | 41.63 | 46.90 | OK | |
| r-devel-linux-x86_64-fedora-clang | 2.0.0 | 16.00 | 83.93 | 99.93 | OK | |
| r-devel-linux-x86_64-fedora-gcc | 2.0.0 | 14.00 | 74.21 | 88.21 | OK | |
| r-devel-windows-x86_64 | 2.0.0 | 7.00 | 64.00 | 71.00 | OK | |
| r-patched-linux-x86_64 | 2.0.0 | 6.70 | 52.24 | 58.94 | OK | |
| r-release-linux-x86_64 | 2.0.0 | 5.74 | 52.12 | 57.86 | OK | |
| r-release-macos-arm64 | 2.0.0 | 4.00 | 28.00 | 32.00 | OK | |
| r-release-macos-x86_64 | 2.0.0 | 6.00 | 45.00 | 51.00 | OK | |
| r-release-windows-x86_64 | 2.0.0 | 8.00 | 62.00 | 70.00 | OK | |
| r-oldrel-macos-arm64 | 2.0.0 | 3.00 | 26.00 | 29.00 | NOTE | |
| r-oldrel-macos-x86_64 | 2.0.0 | 5.00 | 40.00 | 45.00 | NOTE | |
| r-oldrel-windows-x86_64 | 2.0.0 | 10.00 | 75.00 | 85.00 | NOTE |
Version: 2.0.0
Check: LazyData
Result: NOTE
'LazyData' is specified without a 'data' directory
Flavors: r-oldrel-macos-arm64, r-oldrel-macos-x86_64, r-oldrel-windows-x86_64