Last updated on 2025-07-13 00:48:33 CEST.
Flavor | Version | Tinstall | Tcheck | Ttotal | Status | Flags |
---|---|---|---|---|---|---|
r-devel-linux-x86_64-debian-clang | 1.0 | 10.55 | 102.51 | 113.06 | NOTE | |
r-devel-linux-x86_64-debian-gcc | 1.0 | 7.43 | 70.94 | 78.37 | NOTE | |
r-devel-linux-x86_64-fedora-clang | 1.0 | 177.10 | OK | |||
r-devel-linux-x86_64-fedora-gcc | 1.0 | 182.34 | OK | |||
r-devel-windows-x86_64 | 1.0 | 12.00 | 108.00 | 120.00 | OK | |
r-patched-linux-x86_64 | 1.0 | 10.03 | 96.06 | 106.09 | OK | |
r-release-linux-x86_64 | 1.0 | 8.63 | 95.26 | 103.89 | OK | |
r-release-macos-arm64 | 1.0 | 53.00 | OK | |||
r-release-macos-x86_64 | 1.0 | 108.00 | OK | |||
r-release-windows-x86_64 | 1.0 | 11.00 | 112.00 | 123.00 | OK | |
r-oldrel-macos-arm64 | 1.0 | 50.00 | OK | |||
r-oldrel-macos-x86_64 | 1.0 | 95.00 | OK | |||
r-oldrel-windows-x86_64 | 1.0 | 15.00 | 134.00 | 149.00 | OK |
Version: 1.0
Check: CRAN incoming feasibility
Result: NOTE
Maintainer: ‘Marina Gomtsyan <mgomtsian@gmail.com>’
The Description field contains
<arXiv:2307.00929>.
Please refer to arXiv e-prints via their arXiv DOI <doi:10.48550/arXiv.YYMM.NNNNN>.
Flavors: r-devel-linux-x86_64-debian-clang, r-devel-linux-x86_64-debian-gcc