Last updated on 2024-06-29 12:48:23 CEST.
Flavor | Version | Tinstall | Tcheck | Ttotal | Status | Flags |
---|---|---|---|---|---|---|
r-devel-linux-x86_64-debian-clang | 1.0.4 | 3.02 | 31.20 | 34.22 | OK | |
r-devel-linux-x86_64-debian-gcc | 1.0.4 | 2.58 | 24.43 | 27.01 | OK | |
r-devel-linux-x86_64-fedora-clang | 1.0.4 | 46.91 | NOTE | |||
r-devel-linux-x86_64-fedora-gcc | 1.0.4 | 57.48 | NOTE | |||
r-devel-windows-x86_64 | 1.0.4 | 4.00 | 49.00 | 53.00 | NOTE | |
r-patched-linux-x86_64 | 1.0.4 | 2.73 | 30.90 | 33.63 | OK | |
r-release-linux-x86_64 | 1.0.4 | 4.92 | 30.53 | 35.45 | OK | |
r-release-macos-arm64 | 1.0.4 | 27.00 | NOTE | |||
r-release-macos-x86_64 | 1.0.4 | 37.00 | NOTE | |||
r-release-windows-x86_64 | 1.0.4 | 4.00 | 48.00 | 52.00 | NOTE | |
r-oldrel-macos-arm64 | 1.0.4 | 27.00 | NOTE | |||
r-oldrel-macos-x86_64 | 1.0.4 | 32.00 | NOTE | |||
r-oldrel-windows-x86_64 | 1.0.4 | 6.00 | 48.00 | 54.00 | NOTE |
Version: 1.0.4
Check: installed package size
Result: NOTE
installed size is 5.6Mb
sub-directories of 1Mb or more:
data 3.8Mb
doc 1.7Mb
Flavors: r-devel-linux-x86_64-fedora-clang, r-devel-windows-x86_64, r-release-macos-arm64, r-release-macos-x86_64, r-release-windows-x86_64, r-oldrel-macos-arm64, r-oldrel-macos-x86_64, r-oldrel-windows-x86_64
Version: 1.0.4
Check: dependencies in R code
Result: NOTE
Namespace in Imports field not imported from: ‘tuneR’
All declared Imports should be used.
Flavors: r-devel-linux-x86_64-fedora-clang, r-devel-linux-x86_64-fedora-gcc