CRAN Package Check Results for Package NetworkDistance

Last updated on 2025-07-13 00:48:33 CEST.

Flavor Version Tinstall Tcheck Ttotal Status Flags
r-devel-linux-x86_64-debian-clang 0.3.4 46.02 100.53 146.55 NOTE
r-devel-linux-x86_64-debian-gcc 0.3.4 29.69 75.04 104.73 NOTE
r-devel-linux-x86_64-fedora-clang 0.3.4 239.40 NOTE
r-devel-linux-x86_64-fedora-gcc 0.3.4 228.40 NOTE
r-devel-windows-x86_64 0.3.4 51.00 146.00 197.00 NOTE
r-patched-linux-x86_64 0.3.4 39.93 98.61 138.54 NOTE
r-release-linux-x86_64 0.3.4 43.85 97.87 141.72 NOTE
r-release-macos-arm64 0.3.4 91.00 NOTE
r-release-macos-x86_64 0.3.4 140.00 NOTE
r-release-windows-x86_64 0.3.4 48.00 160.00 208.00 NOTE
r-oldrel-macos-arm64 0.3.4 71.00 NOTE
r-oldrel-macos-x86_64 0.3.4 98.00 NOTE
r-oldrel-windows-x86_64 0.3.4 61.00 178.00 239.00 NOTE

Check Details

Version: 0.3.4
Check: C++ specification
Result: NOTE Specified C++11: please drop specification unless essential Flavors: r-devel-linux-x86_64-debian-clang, r-devel-linux-x86_64-debian-gcc, r-devel-linux-x86_64-fedora-clang, r-devel-linux-x86_64-fedora-gcc, r-devel-windows-x86_64, r-patched-linux-x86_64, r-release-linux-x86_64, r-release-macos-arm64, r-release-macos-x86_64, r-release-windows-x86_64, r-oldrel-macos-arm64, r-oldrel-macos-x86_64, r-oldrel-windows-x86_64

mirror server hosted at Truenetwork, Russian Federation.