CRAN Package Check Results for Package Newdistns

Last updated on 2025-11-24 17:50:07 CET.

Flavor Version Tinstall Tcheck Ttotal Status Flags
r-devel-linux-x86_64-debian-clang 2.1 9.97 51.14 61.11 NOTE
r-devel-linux-x86_64-debian-gcc 2.1 6.20 34.36 40.56 NOTE
r-devel-linux-x86_64-fedora-clang 2.1 23.00 73.72 96.72 OK
r-devel-linux-x86_64-fedora-gcc 2.1 22.00 66.68 88.68 OK
r-devel-windows-x86_64 2.1 8.00 63.00 71.00 OK
r-patched-linux-x86_64 2.1 10.15 46.67 56.82 OK
r-release-linux-x86_64 2.1 10.22 47.45 57.67 OK
r-release-macos-arm64 2.1 OK
r-release-macos-x86_64 2.1 9.00 38.00 47.00 OK
r-release-windows-x86_64 2.1 11.00 61.00 72.00 OK
r-oldrel-macos-arm64 2.1 OK
r-oldrel-macos-x86_64 2.1 7.00 35.00 42.00 OK
r-oldrel-windows-x86_64 2.1 11.00 62.00 73.00 OK

Check Details

Version: 2.1
Check: CRAN incoming feasibility
Result: NOTE Maintainer: ‘Saralees Nadarajah <Saralees.Nadarajah@manchester.ac.uk>’ No Authors@R field in DESCRIPTION. Please add one, modifying Authors@R: c(person(given = "Saralees", family = "Nadarajah", role = c("aut", "cre"), email = "saralees.nadarajah@manchester.ac.uk"), person(given = "Ricardo", family = "Rocha", role = "aut")) as necessary. Flavors: r-devel-linux-x86_64-debian-clang, r-devel-linux-x86_64-debian-gcc

mirror server hosted at Truenetwork, Russian Federation.